Last updated on 2019-02-17 23:51:53 CET.
Flavor | Version | Tinstall | Tcheck | Ttotal | Status | Flags |
---|---|---|---|---|---|---|
r-devel-linux-x86_64-debian-clang | 0.0.5 | 10.36 | 125.19 | 135.55 | OK | |
r-devel-linux-x86_64-debian-gcc | 0.0.5 | 8.26 | 96.32 | 104.58 | OK | |
r-devel-linux-x86_64-fedora-clang | 0.0.5 | 162.13 | OK | |||
r-devel-linux-x86_64-fedora-gcc | 0.0.5 | 156.59 | OK | |||
r-devel-windows-ix86+x86_64 | 0.0.5 | 30.00 | 134.00 | 164.00 | OK | |
r-patched-linux-x86_64 | 0.0.5 | 7.67 | 118.78 | 126.45 | OK | |
r-patched-solaris-x86 | 0.0.5 | 256.30 | OK | |||
r-release-linux-x86_64 | 0.0.5 | OK | ||||
r-release-windows-ix86+x86_64 | 0.0.5 | 21.00 | 171.00 | 192.00 | OK | |
r-release-osx-x86_64 | 0.0.5 | OK | ||||
r-oldrel-windows-ix86+x86_64 | 0.0.3 | 1.00 | 6.00 | 7.00 | ERROR | |
r-oldrel-osx-x86_64 | 0.0.5 | ERROR |
Version: 0.0.3
Check: package dependencies
Result: ERROR
Package required but not available: 'broom.mixed'
See section 'The DESCRIPTION file' in the 'Writing R Extensions'
manual.
Flavor: r-oldrel-windows-ix86+x86_64
Version: 0.0.5
Check: package dependencies
Result: ERROR
Package required but not available: ‘broom.mixed’
Packages required and available but unsuitable versions: ‘broom’ ‘sjstats’
See section ‘The DESCRIPTION file’ in the ‘Writing R Extensions’
manual.
Flavor: r-oldrel-osx-x86_64