CRAN Package Check Results for Package groupedstats

Last updated on 2018-12-13 23:49:40 CET.

Flavor Version Tinstall Tcheck Ttotal Status Flags
r-devel-linux-x86_64-debian-clang 0.0.4 8.21 123.91 132.12 OK
r-devel-linux-x86_64-debian-gcc 0.0.4 6.41 94.96 101.37 OK
r-devel-linux-x86_64-fedora-clang 0.0.4 152.31 OK
r-devel-linux-x86_64-fedora-gcc 0.0.4 150.27 OK
r-devel-windows-ix86+x86_64 0.0.4 38.00 188.00 226.00 OK
r-patched-linux-x86_64 0.0.4 8.94 120.05 128.99 OK
r-patched-solaris-x86 0.0.4 200.10 OK
r-release-linux-x86_64 0.0.4 8.30 118.95 127.25 OK
r-release-windows-ix86+x86_64 0.0.4 36.00 180.00 216.00 OK
r-release-osx-x86_64 0.0.4 OK
r-oldrel-windows-ix86+x86_64 0.0.3 1.00 6.00 7.00 ERROR
r-oldrel-osx-x86_64 0.0.4 ERROR

Check Details

Version: 0.0.3
Check: package dependencies
Result: ERROR
    Package required but not available: 'broom.mixed'
    
    See section 'The DESCRIPTION file' in the 'Writing R Extensions'
    manual.
Flavor: r-oldrel-windows-ix86+x86_64

Version: 0.0.4
Check: package dependencies
Result: ERROR
    Package required but not available: ‘broom.mixed’
    
    Package required and available but unsuitable version: ‘broom’
    
    See section ‘The DESCRIPTION file’ in the ‘Writing R Extensions’
    manual.
Flavor: r-oldrel-osx-x86_64