CRAN Package Check Results for Package groupedstats

Last updated on 2018-10-17 12:51:51 CEST.

Flavor Version Tinstall Tcheck Ttotal Status Flags
r-devel-linux-x86_64-debian-clang 0.0.3 8.75 134.20 142.95 OK
r-devel-linux-x86_64-debian-gcc 0.0.3 8.91 102.16 111.07 OK
r-devel-linux-x86_64-fedora-clang 0.0.3 169.75 OK
r-devel-linux-x86_64-fedora-gcc 0.0.3 168.64 OK
r-devel-windows-ix86+x86_64 0.0.3 35.00 199.00 234.00 OK
r-patched-linux-x86_64 0.0.3 7.14 115.46 122.60 OK
r-patched-solaris-x86 0.0.3 225.10 OK
r-release-linux-x86_64 0.0.3 9.56 114.21 123.77 OK
r-release-windows-ix86+x86_64 0.0.3 31.00 187.00 218.00 OK
r-release-osx-x86_64 0.0.3 OK
r-oldrel-windows-ix86+x86_64 0.0.3 1.00 5.00 6.00 ERROR
r-oldrel-osx-x86_64 0.0.3 ERROR

Check Details

Version: 0.0.3
Check: package dependencies
Result: ERROR
    Package required but not available: 'broom.mixed'
    
    See section 'The DESCRIPTION file' in the 'Writing R Extensions'
    manual.
Flavor: r-oldrel-windows-ix86+x86_64

Version: 0.0.3
Check: package dependencies
Result: ERROR
    Package required but not available: ‘broom.mixed’
    
    Package required and available but unsuitable version: ‘broom’
    
    See section ‘The DESCRIPTION file’ in the ‘Writing R Extensions’
    manual.
Flavor: r-oldrel-osx-x86_64