CRAN Package Check Results for Package graphkernels

Last updated on 2020-07-04 19:47:27 CEST.

Flavor Version Tinstall Tcheck Ttotal Status Flags
r-devel-linux-x86_64-debian-clang 1.6 45.67 69.57 115.24 OK
r-devel-linux-x86_64-debian-gcc 1.6 43.33 55.93 99.26 OK
r-devel-linux-x86_64-fedora-clang 1.6 165.59 NOTE
r-devel-linux-x86_64-fedora-gcc 1.6 154.89 OK
r-devel-windows-ix86+x86_64 1.6 114.00 190.00 304.00 OK
r-patched-linux-x86_64 1.6 43.79 72.37 116.16 OK
r-patched-solaris-x86 1.6 160.00 OK
r-release-linux-x86_64 1.6 47.82 72.68 120.50 OK
r-release-osx-x86_64 1.6 NOTE
r-release-windows-ix86+x86_64 1.6 87.00 148.00 235.00 OK
r-oldrel-osx-x86_64 1.6 NOTE
r-oldrel-windows-ix86+x86_64 1.6 93.00 186.00 279.00 OK

Check Details

Version: 1.6
Check: installed package size
Result: NOTE
     installed size is 11.3Mb
     sub-directories of 1Mb or more:
     libs 11.1Mb
Flavors: r-devel-linux-x86_64-fedora-clang, r-release-osx-x86_64, r-oldrel-osx-x86_64