CRAN Package Check Results for Package graphkernels

Last updated on 2019-06-16 07:46:55 CEST.

Flavor Version Tinstall Tcheck Ttotal Status Flags
r-devel-linux-x86_64-debian-clang 1.6 41.44 65.73 107.17 OK
r-devel-linux-x86_64-debian-gcc 1.6 37.49 54.61 92.10 OK
r-devel-linux-x86_64-fedora-clang 1.6 144.86 NOTE
r-devel-linux-x86_64-fedora-gcc 1.6 138.02 OK
r-devel-windows-ix86+x86_64 1.6 101.00 141.00 242.00 OK
r-patched-linux-x86_64 1.6 42.60 68.00 110.60 OK
r-patched-solaris-x86 1.6 158.20 OK
r-release-linux-x86_64 1.6 42.04 69.08 111.12 OK
r-release-windows-ix86+x86_64 1.6 80.00 180.00 260.00 OK
r-release-osx-x86_64 1.6 NOTE
r-oldrel-windows-ix86+x86_64 1.6 70.00 186.00 256.00 OK
r-oldrel-osx-x86_64 1.6 NOTE

Check Details

Version: 1.6
Check: installed package size
Result: NOTE
     installed size is 10.5Mb
     sub-directories of 1Mb or more:
     libs 10.3Mb
Flavors: r-devel-linux-x86_64-fedora-clang, r-release-osx-x86_64, r-oldrel-osx-x86_64