CRAN Package Check Results for Package grand

Last updated on 2025-01-19 19:48:20 CET.

Flavor Version Tinstall Tcheck Ttotal Status Flags
r-devel-linux-x86_64-debian-clang 0.9.0 3.75 31.30 35.05 NOTE
r-devel-linux-x86_64-debian-gcc 0.9.0 2.37 24.71 27.08 NOTE
r-devel-linux-x86_64-fedora-clang 0.9.0 56.13 OK
r-devel-linux-x86_64-fedora-gcc 0.9.0 68.58 OK
r-devel-windows-x86_64 0.9.0 5.00 55.00 60.00 NOTE
r-patched-linux-x86_64 0.9.0 6.45 30.19 36.64 OK
r-release-linux-x86_64 0.9.0 3.23 30.01 33.24 OK
r-release-macos-arm64 0.9.0 27.00 OK
r-release-macos-x86_64 0.9.0 41.00 OK
r-release-windows-x86_64 0.9.0 6.00 55.00 61.00 OK
r-oldrel-macos-arm64 0.9.0 26.00 OK
r-oldrel-macos-x86_64 0.9.0 33.00 OK
r-oldrel-windows-x86_64 0.9.0 6.00 57.00 63.00 OK

Check Details

Version: 0.9.0
Check: Rd cross-references
Result: NOTE Found the following Rd file(s) with Rd \link{} targets missing package anchors: grand.Rd: igraph grand.table.Rd: igraph grand.text.Rd: igraph Please provide package anchors for all Rd \link{} targets not in the package itself and the base packages. Flavors: r-devel-linux-x86_64-debian-clang, r-devel-linux-x86_64-debian-gcc, r-devel-windows-x86_64