CRAN Package Check Results for Package glmmsr

Last updated on 2019-09-24 07:48:36 CEST.

Flavor Version Tinstall Tcheck Ttotal Status Flags
r-devel-linux-x86_64-debian-clang 0.2.3 356.94 99.77 456.71 OK --no-vignettes
r-devel-linux-x86_64-debian-gcc 0.2.3 280.67 79.30 359.97 OK --no-vignettes
r-devel-linux-x86_64-fedora-clang 0.2.3 1217.85 NOTE
r-devel-linux-x86_64-fedora-gcc 0.2.3 1223.94 OK
r-devel-windows-ix86+x86_64 0.2.3 994.00 183.00 1177.00 OK --no-vignettes
r-patched-linux-x86_64 0.2.3 324.30 99.98 424.28 OK --no-vignettes
r-patched-solaris-x86 0.2.3 1596.00 OK
r-release-linux-x86_64 0.2.3 320.66 99.58 420.24 OK --no-vignettes
r-release-windows-ix86+x86_64 0.2.3 938.00 248.00 1186.00 OK --no-vignettes
r-release-osx-x86_64 0.2.3 FAIL
r-oldrel-windows-ix86+x86_64 0.2.3 711.00 267.00 978.00 OK --no-vignettes
r-oldrel-osx-x86_64 0.2.3 NOTE

Additional issues

clang-UBSAN gcc-UBSAN

Check Details

Version: 0.2.3
Check: installed package size
Result: NOTE
     installed size is 45.5Mb
     sub-directories of 1Mb or more:
     libs 44.6Mb
Flavors: r-devel-linux-x86_64-fedora-clang, r-release-osx-x86_64, r-oldrel-osx-x86_64

Version: 0.2.3
Check: re-building of vignette outputs
Result: FAIL
    
Flavor: r-release-osx-x86_64