CRAN Package Check Results for Package glmmsr

Last updated on 2019-06-26 07:49:12 CEST.

Flavor Version Tinstall Tcheck Ttotal Status Flags
r-devel-linux-x86_64-debian-clang 0.2.3 355.64 100.56 456.20 OK --no-vignettes
r-devel-linux-x86_64-debian-gcc 0.2.3 284.94 82.29 367.23 OK --no-vignettes
r-devel-linux-x86_64-fedora-clang 0.2.3 1230.93 NOTE
r-devel-linux-x86_64-fedora-gcc 0.2.3 1173.46 OK
r-devel-windows-ix86+x86_64 0.2.3 981.00 207.00 1188.00 OK --no-vignettes
r-patched-linux-x86_64 0.2.3 341.65 102.54 444.19 OK --no-vignettes
r-patched-solaris-x86 0.2.3 1648.90 OK
r-release-linux-x86_64 0.2.3 331.79 102.47 434.26 OK --no-vignettes
r-release-windows-ix86+x86_64 0.2.3 744.00 236.00 980.00 OK --no-vignettes
r-release-osx-x86_64 0.2.3 FAIL
r-oldrel-windows-ix86+x86_64 0.2.3 701.00 174.00 875.00 OK --no-vignettes
r-oldrel-osx-x86_64 0.2.3 NOTE

Additional issues

clang-UBSAN gcc-UBSAN

Check Details

Version: 0.2.3
Check: installed package size
Result: NOTE
     installed size is 45.3Mb
     sub-directories of 1Mb or more:
     libs 44.4Mb
Flavors: r-devel-linux-x86_64-fedora-clang, r-release-osx-x86_64, r-oldrel-osx-x86_64

Version: 0.2.3
Check: re-building of vignette outputs
Result: FAIL
    
Flavor: r-release-osx-x86_64