CRAN Package Check Results for Package ggplot2

Last updated on 2019-07-16 07:50:47 CEST.

Flavor Version Tinstall Tcheck Ttotal Status Flags
r-devel-linux-x86_64-debian-clang 3.2.0 18.50 408.13 426.63 ERROR
r-devel-linux-x86_64-debian-gcc 3.2.0 17.56 305.61 323.17 ERROR
r-devel-linux-x86_64-fedora-clang 3.2.0 498.14 ERROR
r-devel-linux-x86_64-fedora-gcc 3.2.0 521.66 ERROR
r-devel-windows-ix86+x86_64 3.2.0 49.00 636.00 685.00 ERROR
r-patched-linux-x86_64 3.2.0 20.82 399.78 420.60 ERROR
r-patched-solaris-x86 3.2.0 563.70 ERROR
r-release-linux-x86_64 3.2.0 18.73 398.69 417.42 ERROR
r-release-windows-ix86+x86_64 3.2.0 31.00 671.00 702.00 ERROR
r-release-osx-x86_64 3.2.0 WARN
r-oldrel-windows-ix86+x86_64 3.2.0 38.00 603.00 641.00 ERROR
r-oldrel-osx-x86_64 3.2.0 WARN

Check Details

Version: 3.2.0
Check: tests
Result: ERROR
     Running 'testthat.R' [65s/70s]
    Running the tests in 'tests/testthat.R' failed.
    Complete output:
     > library(testthat)
     > library(ggplot2)
     >
     > test_check("ggplot2")
     -- 1. Failure: axis labels can be set manually (@test-coord_sf.R#163) ---------
     graticule[graticule$type == "E", ]$degree_label not identical to `parsed`.
     Component 1: target, current do not match when deparsed
     Component 2: target, current do not match when deparsed
     Component 3: target, current do not match when deparsed
    
     -- 2. Failure: axis labels can be set manually (@test-coord_sf.R#168) ---------
     graticule[graticule$type == "N", ]$degree_label not identical to `parsed`.
     Component 1: target, current do not match when deparsed
     Component 2: target, current do not match when deparsed
     Component 3: target, current do not match when deparsed
    
     == testthat results ===========================================================
     OK: 1095 SKIPPED: 105 WARNINGS: 0 FAILED: 2
     1. Failure: axis labels can be set manually (@test-coord_sf.R#163)
     2. Failure: axis labels can be set manually (@test-coord_sf.R#168)
    
     Error: testthat unit tests failed
     Execution halted
Flavor: r-devel-linux-x86_64-debian-clang

Version: 3.2.0
Check: tests
Result: ERROR
     Running ‘testthat.R’ [48s/64s]
    Running the tests in ‘tests/testthat.R’ failed.
    Complete output:
     > library(testthat)
     > library(ggplot2)
     >
     > test_check("ggplot2")
     ── 1. Failure: axis labels can be set manually (@test-coord_sf.R#163) ─────────
     graticule[graticule$type == "E", ]$degree_label not identical to `parsed`.
     Component 1: target, current do not match when deparsed
     Component 2: target, current do not match when deparsed
     Component 3: target, current do not match when deparsed
    
     ── 2. Failure: axis labels can be set manually (@test-coord_sf.R#168) ─────────
     graticule[graticule$type == "N", ]$degree_label not identical to `parsed`.
     Component 1: target, current do not match when deparsed
     Component 2: target, current do not match when deparsed
     Component 3: target, current do not match when deparsed
    
     ══ testthat results ═══════════════════════════════════════════════════════════
     OK: 1095 SKIPPED: 105 WARNINGS: 0 FAILED: 2
     1. Failure: axis labels can be set manually (@test-coord_sf.R#163)
     2. Failure: axis labels can be set manually (@test-coord_sf.R#168)
    
     Error: testthat unit tests failed
     Execution halted
Flavor: r-devel-linux-x86_64-debian-gcc

Version: 3.2.0
Check: installed package size
Result: NOTE
     installed size is 6.2Mb
     sub-directories of 1Mb or more:
     doc 3.5Mb
Flavors: r-devel-linux-x86_64-fedora-clang, r-devel-windows-ix86+x86_64, r-patched-solaris-x86, r-release-windows-ix86+x86_64, r-release-osx-x86_64, r-oldrel-windows-ix86+x86_64, r-oldrel-osx-x86_64

Version: 3.2.0
Check: dependencies in R code
Result: NOTE
    Namespaces in Imports field not imported from:
     ‘mgcv’ ‘reshape2’ ‘viridisLite’
     All declared Imports should be used.
Flavors: r-devel-linux-x86_64-fedora-clang, r-devel-linux-x86_64-fedora-gcc, r-patched-solaris-x86, r-release-osx-x86_64, r-oldrel-osx-x86_64

Version: 3.2.0
Check: tests
Result: ERROR
     Running ‘testthat.R’ [73s/144s]
    Running the tests in ‘tests/testthat.R’ failed.
    Complete output:
     > library(testthat)
     > library(ggplot2)
     >
     > test_check("ggplot2")
     ── 1. Failure: axis labels can be set manually (@test-coord_sf.R#163) ─────────
     graticule[graticule$type == "E", ]$degree_label not identical to `parsed`.
     Component 1: target, current do not match when deparsed
     Component 2: target, current do not match when deparsed
     Component 3: target, current do not match when deparsed
    
     ── 2. Failure: axis labels can be set manually (@test-coord_sf.R#168) ─────────
     graticule[graticule$type == "N", ]$degree_label not identical to `parsed`.
     Component 1: target, current do not match when deparsed
     Component 2: target, current do not match when deparsed
     Component 3: target, current do not match when deparsed
    
     ══ testthat results ═══════════════════════════════════════════════════════════
     OK: 1095 SKIPPED: 105 WARNINGS: 0 FAILED: 2
     1. Failure: axis labels can be set manually (@test-coord_sf.R#163)
     2. Failure: axis labels can be set manually (@test-coord_sf.R#168)
    
     Error: testthat unit tests failed
     Execution halted
Flavor: r-devel-linux-x86_64-fedora-clang

Version: 3.2.0
Check: tests
Result: ERROR
     Running ‘testthat.R’ [78s/291s]
    Running the tests in ‘tests/testthat.R’ failed.
    Complete output:
     > library(testthat)
     > library(ggplot2)
     >
     > test_check("ggplot2")
     ── 1. Failure: axis labels can be set manually (@test-coord_sf.R#163) ─────────
     graticule[graticule$type == "E", ]$degree_label not identical to `parsed`.
     Component 1: target, current do not match when deparsed
     Component 2: target, current do not match when deparsed
     Component 3: target, current do not match when deparsed
    
     ── 2. Failure: axis labels can be set manually (@test-coord_sf.R#168) ─────────
     graticule[graticule$type == "N", ]$degree_label not identical to `parsed`.
     Component 1: target, current do not match when deparsed
     Component 2: target, current do not match when deparsed
     Component 3: target, current do not match when deparsed
    
     ══ testthat results ═══════════════════════════════════════════════════════════
     OK: 1095 SKIPPED: 105 WARNINGS: 0 FAILED: 2
     1. Failure: axis labels can be set manually (@test-coord_sf.R#163)
     2. Failure: axis labels can be set manually (@test-coord_sf.R#168)
    
     Error: testthat unit tests failed
     Execution halted
Flavor: r-devel-linux-x86_64-fedora-gcc

Version: 3.2.0
Check: tests
Result: ERROR
     Running 'testthat.R' [133s]
    Running the tests in 'tests/testthat.R' failed.
    Complete output:
     > library(testthat)
     > library(ggplot2)
     >
     > test_check("ggplot2")
     -- 1. Failure: axis labels can be set manually (@test-coord_sf.R#163) ---------
     graticule[graticule$type == "E", ]$degree_label not identical to `parsed`.
     Component 1: target, current do not match when deparsed
     Component 2: target, current do not match when deparsed
     Component 3: target, current do not match when deparsed
    
     -- 2. Failure: axis labels can be set manually (@test-coord_sf.R#168) ---------
     graticule[graticule$type == "N", ]$degree_label not identical to `parsed`.
     Component 1: target, current do not match when deparsed
     Component 2: target, current do not match when deparsed
     Component 3: target, current do not match when deparsed
    
     == testthat results ===========================================================
     OK: 1095 SKIPPED: 105 WARNINGS: 0 FAILED: 2
     1. Failure: axis labels can be set manually (@test-coord_sf.R#163)
     2. Failure: axis labels can be set manually (@test-coord_sf.R#168)
    
     Error: testthat unit tests failed
     Execution halted
Flavor: r-devel-windows-ix86+x86_64

Version: 3.2.0
Check: tests
Result: ERROR
     Running ‘testthat.R’ [65s/70s]
    Running the tests in ‘tests/testthat.R’ failed.
    Complete output:
     > library(testthat)
     > library(ggplot2)
     >
     > test_check("ggplot2")
     ── 1. Failure: axis labels can be set manually (@test-coord_sf.R#163) ─────────
     graticule[graticule$type == "E", ]$degree_label not identical to `parsed`.
     Component 1: target, current do not match when deparsed
     Component 2: target, current do not match when deparsed
     Component 3: target, current do not match when deparsed
    
     ── 2. Failure: axis labels can be set manually (@test-coord_sf.R#168) ─────────
     graticule[graticule$type == "N", ]$degree_label not identical to `parsed`.
     Component 1: target, current do not match when deparsed
     Component 2: target, current do not match when deparsed
     Component 3: target, current do not match when deparsed
    
     ══ testthat results ═══════════════════════════════════════════════════════════
     OK: 1095 SKIPPED: 105 WARNINGS: 0 FAILED: 2
     1. Failure: axis labels can be set manually (@test-coord_sf.R#163)
     2. Failure: axis labels can be set manually (@test-coord_sf.R#168)
    
     Error: testthat unit tests failed
     Execution halted
Flavor: r-patched-linux-x86_64

Version: 3.2.0
Check: tests
Result: ERROR
     Running ‘testthat.R’ [95s/119s]
    Running the tests in ‘tests/testthat.R’ failed.
    Complete output:
     > library(testthat)
     > library(ggplot2)
     >
     > test_check("ggplot2")
     ── 1. Failure: axis labels can be set manually (@test-coord_sf.R#163) ─────────
     graticule[graticule$type == "E", ]$degree_label not identical to `parsed`.
     Component 1: target, current do not match when deparsed
     Component 2: target, current do not match when deparsed
     Component 3: target, current do not match when deparsed
    
     ── 2. Failure: axis labels can be set manually (@test-coord_sf.R#168) ─────────
     graticule[graticule$type == "N", ]$degree_label not identical to `parsed`.
     Component 1: target, current do not match when deparsed
     Component 2: target, current do not match when deparsed
     Component 3: target, current do not match when deparsed
    
     ══ testthat results ═══════════════════════════════════════════════════════════
     OK: 1091 SKIPPED: 106 WARNINGS: 0 FAILED: 2
     1. Failure: axis labels can be set manually (@test-coord_sf.R#163)
     2. Failure: axis labels can be set manually (@test-coord_sf.R#168)
    
     Error: testthat unit tests failed
     Execution halted
Flavor: r-patched-solaris-x86

Version: 3.2.0
Check: re-building of vignette outputs
Result: WARN
    Error(s) in re-building vignettes:
     ...
    --- re-building ‘extending-ggplot2.Rmd’ using rmarkdown
    Warning in engine$weave(file, quiet = quiet, encoding = enc) :
     Pandoc (>= 1.12.3) and/or pandoc-citeproc not available. Falling back to R Markdown v1.
    --- finished re-building ‘extending-ggplot2.Rmd’
    
    --- re-building ‘ggplot2-specs.Rmd’ using rmarkdown
    Warning in engine$weave(file, quiet = quiet, encoding = enc) :
     Pandoc (>= 1.12.3) and/or pandoc-citeproc not available. Falling back to R Markdown v1.
    --- finished re-building ‘ggplot2-specs.Rmd’
    
    Profiling Timer Expired
    --- re-building ‘profiling.Rmd’ using rmarkdown
    Warning in engine$weave(file, quiet = quiet, encoding = enc) :
     Pandoc (>= 1.12.3) and/or pandoc-citeproc not available. Falling back to R Markdown v1.
    SUMMARY: processing the following file failed:
     ‘profiling.Rmd’
    
    Error: Vignette re-building failed.
    Execution halted
Flavor: r-patched-solaris-x86

Version: 3.2.0
Check: tests
Result: ERROR
     Running ‘testthat.R’ [63s/68s]
    Running the tests in ‘tests/testthat.R’ failed.
    Complete output:
     > library(testthat)
     > library(ggplot2)
     >
     > test_check("ggplot2")
     ── 1. Failure: axis labels can be set manually (@test-coord_sf.R#163) ─────────
     graticule[graticule$type == "E", ]$degree_label not identical to `parsed`.
     Component 1: target, current do not match when deparsed
     Component 2: target, current do not match when deparsed
     Component 3: target, current do not match when deparsed
    
     ── 2. Failure: axis labels can be set manually (@test-coord_sf.R#168) ─────────
     graticule[graticule$type == "N", ]$degree_label not identical to `parsed`.
     Component 1: target, current do not match when deparsed
     Component 2: target, current do not match when deparsed
     Component 3: target, current do not match when deparsed
    
     ══ testthat results ═══════════════════════════════════════════════════════════
     OK: 1095 SKIPPED: 105 WARNINGS: 0 FAILED: 2
     1. Failure: axis labels can be set manually (@test-coord_sf.R#163)
     2. Failure: axis labels can be set manually (@test-coord_sf.R#168)
    
     Error: testthat unit tests failed
     Execution halted
Flavor: r-release-linux-x86_64

Version: 3.2.0
Check: tests
Result: ERROR
     Running 'testthat.R' [155s]
    Running the tests in 'tests/testthat.R' failed.
    Complete output:
     > library(testthat)
     > library(ggplot2)
     >
     > test_check("ggplot2")
     -- 1. Failure: axis labels can be set manually (@test-coord_sf.R#163) ---------
     graticule[graticule$type == "E", ]$degree_label not identical to `parsed`.
     Component 1: target, current do not match when deparsed
     Component 2: target, current do not match when deparsed
     Component 3: target, current do not match when deparsed
    
     -- 2. Failure: axis labels can be set manually (@test-coord_sf.R#168) ---------
     graticule[graticule$type == "N", ]$degree_label not identical to `parsed`.
     Component 1: target, current do not match when deparsed
     Component 2: target, current do not match when deparsed
     Component 3: target, current do not match when deparsed
    
     == testthat results ===========================================================
     OK: 1095 SKIPPED: 105 WARNINGS: 0 FAILED: 2
     1. Failure: axis labels can be set manually (@test-coord_sf.R#163)
     2. Failure: axis labels can be set manually (@test-coord_sf.R#168)
    
     Error: testthat unit tests failed
     Execution halted
Flavor: r-release-windows-ix86+x86_64

Version: 3.2.0
Check: re-building of vignette outputs
Result: WARN
    Error(s) in re-building vignettes:
     ...
    --- re-building ‘extending-ggplot2.Rmd’ using rmarkdown
    Warning in engine$weave(file, quiet = quiet, encoding = enc) :
     Pandoc (>= 1.12.3) and/or pandoc-citeproc not available. Falling back to R Markdown v1.
    --- finished re-building ‘extending-ggplot2.Rmd’
    
    --- re-building ‘ggplot2-specs.Rmd’ using rmarkdown
    Warning in engine$weave(file, quiet = quiet, encoding = enc) :
     Pandoc (>= 1.12.3) and/or pandoc-citeproc not available. Falling back to R Markdown v1.
    --- finished re-building ‘ggplot2-specs.Rmd’
    
    --- re-building ‘profiling.Rmd’ using rmarkdown
    Warning in engine$weave(file, quiet = quiet, encoding = enc) :
     Pandoc (>= 1.12.3) and/or pandoc-citeproc not available. Falling back to R Markdown v1.
    Quitting from lines 22-32 (profiling.Rmd)
    Error: processing vignette 'profiling.Rmd' failed with diagnostics:
    cannot open the connection
    --- failed re-building ‘profiling.Rmd’
    
    SUMMARY: processing the following file failed:
     ‘profiling.Rmd’
    
    Error: Vignette re-building failed.
    Execution halted
Flavor: r-release-osx-x86_64

Version: 3.2.0
Check: tests
Result: ERROR
     Running 'testthat.R' [137s]
    Running the tests in 'tests/testthat.R' failed.
    Complete output:
     > library(testthat)
     > library(ggplot2)
     >
     > test_check("ggplot2")
     -- 1. Failure: axis labels can be set manually (@test-coord_sf.R#163) ---------
     graticule[graticule$type == "E", ]$degree_label not identical to `parsed`.
     Component 1: target, current do not match when deparsed
     Component 2: target, current do not match when deparsed
     Component 3: target, current do not match when deparsed
    
     -- 2. Failure: axis labels can be set manually (@test-coord_sf.R#168) ---------
     graticule[graticule$type == "N", ]$degree_label not identical to `parsed`.
     Component 1: target, current do not match when deparsed
     Component 2: target, current do not match when deparsed
     Component 3: target, current do not match when deparsed
    
     == testthat results ===========================================================
     OK: 1095 SKIPPED: 105 WARNINGS: 0 FAILED: 2
     1. Failure: axis labels can be set manually (@test-coord_sf.R#163)
     2. Failure: axis labels can be set manually (@test-coord_sf.R#168)
    
     Error: testthat unit tests failed
     Execution halted
Flavor: r-oldrel-windows-ix86+x86_64

Version: 3.2.0
Check: re-building of vignette outputs
Result: WARN
    Error in re-building vignettes:
     ...
    Warning in engine$weave(file, quiet = quiet, encoding = enc) :
     Pandoc (>= 1.12.3) and/or pandoc-citeproc not available. Falling back to R Markdown v1.
    Warning in engine$weave(file, quiet = quiet, encoding = enc) :
     Pandoc (>= 1.12.3) and/or pandoc-citeproc not available. Falling back to R Markdown v1.
    Warning in engine$weave(file, quiet = quiet, encoding = enc) :
     Pandoc (>= 1.12.3) and/or pandoc-citeproc not available. Falling back to R Markdown v1.
    Quitting from lines 22-32 (profiling.Rmd)
    Error: processing vignette 'profiling.Rmd' failed with diagnostics:
    cannot open the connection
    Execution halted
Flavor: r-oldrel-osx-x86_64