CRAN Package Check Results for Package ggmcmc

Last updated on 2019-06-16 07:46:54 CEST.

Flavor Version Tinstall Tcheck Ttotal Status Flags
r-devel-linux-x86_64-debian-clang 1.2 5.79 139.97 145.76 NOTE
r-devel-linux-x86_64-debian-gcc 1.2 5.08 105.69 110.77 NOTE
r-devel-linux-x86_64-fedora-clang 1.2 158.83 NOTE
r-devel-linux-x86_64-fedora-gcc 1.2 154.08 NOTE
r-devel-windows-ix86+x86_64 1.2 19.00 228.00 247.00 OK
r-patched-linux-x86_64 1.2 6.69 134.10 140.79 OK
r-patched-solaris-x86 1.2 230.90 OK
r-release-linux-x86_64 1.2 7.11 133.60 140.71 OK
r-release-windows-ix86+x86_64 1.2 13.00 235.00 248.00 OK
r-release-osx-x86_64 1.2 OK
r-oldrel-windows-ix86+x86_64 1.2 6.00 231.00 237.00 OK
r-oldrel-osx-x86_64 1.2 OK

Check Details

Version: 1.2
Check: for non-standard things in the check directory
Result: NOTE
    Found the following files/directories:
     'ggmcmc-output.pdf'
Flavors: r-devel-linux-x86_64-debian-clang, r-devel-linux-x86_64-debian-gcc, r-devel-linux-x86_64-fedora-clang, r-devel-linux-x86_64-fedora-gcc