CRAN Package Check Results for Package gginference

Last updated on 2025-01-19 19:48:20 CET.

Flavor Version Tinstall Tcheck Ttotal Status Flags
r-devel-linux-x86_64-debian-clang 0.1.3 4.64 43.50 48.14 OK
r-devel-linux-x86_64-debian-gcc 0.1.3 3.79 31.71 35.50 OK
r-devel-linux-x86_64-fedora-clang 0.1.3 78.21 NOTE
r-devel-linux-x86_64-fedora-gcc 0.1.3 72.32 NOTE
r-devel-windows-x86_64 0.1.3 8.00 62.00 70.00 OK
r-patched-linux-x86_64 0.1.3 5.29 40.01 45.30 OK
r-release-linux-x86_64 0.1.3 4.72 40.38 45.10 OK
r-release-macos-arm64 0.1.3 26.00 OK
r-release-macos-x86_64 0.1.3 38.00 OK
r-release-windows-x86_64 0.1.3 6.00 65.00 71.00 OK
r-oldrel-macos-arm64 0.1.3 26.00 OK
r-oldrel-macos-x86_64 0.1.3 40.00 OK
r-oldrel-windows-x86_64 0.1.3 9.00 70.00 79.00 OK

Check Details

Version: 0.1.3
Check: dependencies in R code
Result: NOTE Namespace in Imports field not imported from: ‘utils’ All declared Imports should be used. Flavors: r-devel-linux-x86_64-fedora-clang, r-devel-linux-x86_64-fedora-gcc