CRAN Package Check Results for Package ggguitar

Last updated on 2019-06-25 19:49:41 CEST.

Flavor Version Tinstall Tcheck Ttotal Status Flags
r-devel-linux-x86_64-debian-clang 0.1.1 1.66 29.91 31.57 NOTE
r-devel-linux-x86_64-debian-gcc 0.1.1 1.47 23.52 24.99 NOTE
r-devel-linux-x86_64-fedora-clang 0.1.1 37.82 NOTE
r-devel-linux-x86_64-fedora-gcc 0.1.1 36.65 NOTE
r-devel-windows-ix86+x86_64 0.1.1 10.00 42.00 52.00 OK
r-patched-linux-x86_64 0.1.1 1.70 30.07 31.77 OK
r-patched-solaris-x86 0.1.1 58.90 NOTE
r-release-linux-x86_64 0.1.1 1.57 30.33 31.90 OK
r-release-windows-ix86+x86_64 0.1.1 4.00 66.00 70.00 OK
r-release-osx-x86_64 0.1.1 NOTE
r-oldrel-windows-ix86+x86_64 0.1.1 3.00 47.00 50.00 OK
r-oldrel-osx-x86_64 0.1.1 NOTE

Check Details

Version: 0.1.1
Check: package vignettes
Result: NOTE
    Package vignette with placeholder title 'Vignette Title':
     'my-vignette.Rmd'
Flavors: r-devel-linux-x86_64-debian-clang, r-devel-linux-x86_64-debian-gcc

Version: 0.1.1
Check: dependencies in R code
Result: NOTE
    Namespaces in Imports field not imported from:
     ‘gridExtra’ ‘lazyeval’ ‘readr’
     All declared Imports should be used.
Flavors: r-devel-linux-x86_64-fedora-clang, r-devel-linux-x86_64-fedora-gcc, r-patched-solaris-x86, r-release-osx-x86_64, r-oldrel-osx-x86_64