CRAN Package Check Results for Package ggguitar

Last updated on 2019-09-24 07:48:36 CEST.

Flavor Version Tinstall Tcheck Ttotal Status Flags
r-devel-linux-x86_64-debian-clang 0.1.1 2.02 30.01 32.03 NOTE
r-devel-linux-x86_64-debian-gcc 0.1.1 1.57 24.17 25.74 NOTE
r-devel-linux-x86_64-fedora-clang 0.1.1 38.42 NOTE
r-devel-linux-x86_64-fedora-gcc 0.1.1 37.50 NOTE
r-devel-windows-ix86+x86_64 0.1.1 17.00 61.00 78.00 NOTE
r-patched-linux-x86_64 0.1.1 1.35 28.74 30.09 OK
r-patched-solaris-x86 0.1.1 56.00 NOTE
r-release-linux-x86_64 0.1.1 1.71 30.02 31.73 OK
r-release-windows-ix86+x86_64 0.1.1 12.00 57.00 69.00 OK
r-release-osx-x86_64 0.1.1 NOTE
r-oldrel-windows-ix86+x86_64 0.1.1 3.00 38.00 41.00 OK
r-oldrel-osx-x86_64 0.1.1 NOTE

Check Details

Version: 0.1.1
Check: package vignettes
Result: NOTE
    Package vignette with placeholder title 'Vignette Title':
     'my-vignette.Rmd'
Flavors: r-devel-linux-x86_64-debian-clang, r-devel-linux-x86_64-debian-gcc, r-devel-windows-ix86+x86_64

Version: 0.1.1
Check: dependencies in R code
Result: NOTE
    Namespaces in Imports field not imported from:
     ‘gridExtra’ ‘lazyeval’ ‘readr’
     All declared Imports should be used.
Flavors: r-devel-linux-x86_64-fedora-clang, r-devel-linux-x86_64-fedora-gcc, r-patched-solaris-x86, r-release-osx-x86_64, r-oldrel-osx-x86_64