CRAN Package Check Results for Package ggalt

Last updated on 2019-06-17 07:48:53 CEST.

Flavor Version Tinstall Tcheck Ttotal Status Flags
r-devel-linux-x86_64-debian-clang 0.4.0 7.76 90.96 98.72 OK
r-devel-linux-x86_64-debian-gcc 0.4.0 5.76 71.00 76.76 OK
r-devel-linux-x86_64-fedora-clang 0.4.0 113.13 NOTE
r-devel-linux-x86_64-fedora-gcc 0.4.0 112.14 NOTE
r-devel-windows-ix86+x86_64 0.4.0 24.00 142.00 166.00 OK
r-patched-linux-x86_64 0.4.0 7.78 88.70 96.48 OK
r-patched-solaris-x86 0.4.0 159.60 NOTE
r-release-linux-x86_64 0.4.0 8.05 87.29 95.34 OK
r-release-windows-ix86+x86_64 0.4.0 16.00 147.00 163.00 OK
r-release-osx-x86_64 0.4.0 NOTE
r-oldrel-windows-ix86+x86_64 0.4.0 11.00 152.00 163.00 OK
r-oldrel-osx-x86_64 0.4.0 NOTE

Check Details

Version: 0.4.0
Check: dependencies in R code
Result: NOTE
    Namespace in Imports field not imported from: ‘plotly’
     All declared Imports should be used.
Flavors: r-devel-linux-x86_64-fedora-clang, r-devel-linux-x86_64-fedora-gcc, r-patched-solaris-x86, r-release-osx-x86_64, r-oldrel-osx-x86_64