CRAN Package Check Results for Package ggalt

Last updated on 2020-07-04 19:47:26 CEST.

Flavor Version Tinstall Tcheck Ttotal Status Flags
r-devel-linux-x86_64-debian-clang 0.4.0 8.46 101.39 109.85 OK
r-devel-linux-x86_64-debian-gcc 0.4.0 6.96 75.80 82.76 OK
r-devel-linux-x86_64-fedora-clang 0.4.0 135.84 NOTE
r-devel-linux-x86_64-fedora-gcc 0.4.0 124.87 NOTE
r-devel-windows-ix86+x86_64 0.4.0 23.00 170.00 193.00 OK
r-patched-linux-x86_64 0.4.0 7.75 96.49 104.24 OK
r-patched-solaris-x86 0.4.0 168.10 NOTE
r-release-linux-x86_64 0.4.0 8.46 97.26 105.72 OK
r-release-osx-x86_64 0.4.0 NOTE
r-release-windows-ix86+x86_64 0.4.0 19.00 129.00 148.00 OK
r-oldrel-osx-x86_64 0.4.0 NOTE
r-oldrel-windows-ix86+x86_64 0.4.0 20.00 157.00 177.00 OK

Check Details

Version: 0.4.0
Check: dependencies in R code
Result: NOTE
    Namespace in Imports field not imported from: ‘plotly’
     All declared Imports should be used.
Flavors: r-devel-linux-x86_64-fedora-clang, r-devel-linux-x86_64-fedora-gcc, r-patched-solaris-x86, r-release-osx-x86_64, r-oldrel-osx-x86_64