CRAN Package Check Results for Package ggalt

Last updated on 2019-08-18 07:48:51 CEST.

Flavor Version Tinstall Tcheck Ttotal Status Flags
r-devel-linux-x86_64-debian-clang 0.4.0 7.66 93.90 101.56 OK
r-devel-linux-x86_64-debian-gcc 0.4.0 6.28 70.62 76.90 OK
r-devel-linux-x86_64-fedora-clang 0.4.0 118.29 NOTE
r-devel-linux-x86_64-fedora-gcc 0.4.0 114.13 NOTE
r-devel-windows-ix86+x86_64 0.4.0 22.00 151.00 173.00 OK
r-patched-linux-x86_64 0.4.0 6.48 88.42 94.90 OK
r-patched-solaris-x86 0.4.0 163.20 NOTE
r-release-linux-x86_64 0.4.0 7.50 89.55 97.05 OK
r-release-windows-ix86+x86_64 0.4.0 15.00 105.00 120.00 OK
r-release-osx-x86_64 0.4.0 NOTE
r-oldrel-windows-ix86+x86_64 0.4.0 13.00 160.00 173.00 OK
r-oldrel-osx-x86_64 0.4.0 NOTE

Check Details

Version: 0.4.0
Check: dependencies in R code
Result: NOTE
    Namespace in Imports field not imported from: ‘plotly’
     All declared Imports should be used.
Flavors: r-devel-linux-x86_64-fedora-clang, r-devel-linux-x86_64-fedora-gcc, r-patched-solaris-x86, r-release-osx-x86_64, r-oldrel-osx-x86_64