CRAN Package Check Results for Package ggQQunif

Last updated on 2019-06-25 19:49:41 CEST.

Flavor Version Tinstall Tcheck Ttotal Status Flags
r-devel-linux-x86_64-debian-clang 0.1.5 2.62 22.23 24.85 OK
r-devel-linux-x86_64-debian-gcc 0.1.5 2.45 17.94 20.39 OK
r-devel-linux-x86_64-fedora-clang 0.1.5 31.48 NOTE
r-devel-linux-x86_64-fedora-gcc 0.1.5 29.23 NOTE
r-devel-windows-ix86+x86_64 0.1.5 12.00 36.00 48.00 OK
r-patched-linux-x86_64 0.1.5 2.62 22.10 24.72 OK
r-patched-solaris-x86 0.1.5 47.80 NOTE
r-release-linux-x86_64 0.1.5 2.54 22.20 24.74 OK
r-release-windows-ix86+x86_64 0.1.5 7.00 50.00 57.00 OK
r-release-osx-x86_64 0.1.5 NOTE
r-oldrel-windows-ix86+x86_64 0.1.5 3.00 36.00 39.00 OK
r-oldrel-osx-x86_64 0.1.5 NOTE

Check Details

Version: 0.1.5
Check: dependencies in R code
Result: NOTE
    Namespace in Imports field not imported from: ‘dplyr’
     All declared Imports should be used.
Flavors: r-devel-linux-x86_64-fedora-clang, r-devel-linux-x86_64-fedora-gcc, r-patched-solaris-x86, r-release-osx-x86_64, r-oldrel-osx-x86_64