CRAN Package Check Results for Package getTBinR

Last updated on 2019-09-22 19:51:20 CEST.

Flavor Version Tinstall Tcheck Ttotal Status Flags
r-devel-linux-x86_64-debian-clang 0.7.0 8.18 149.33 157.51 OK
r-devel-linux-x86_64-debian-gcc 0.7.0 6.07 127.67 133.74 OK
r-devel-linux-x86_64-fedora-clang 0.7.0 172.67 OK
r-devel-linux-x86_64-fedora-gcc 0.7.0 179.68 OK
r-devel-windows-ix86+x86_64 0.7.0 26.00 216.00 242.00 OK
r-patched-linux-x86_64 0.7.0 7.92 151.82 159.74 OK
r-patched-solaris-x86 0.7.0 249.10 NOTE
r-release-linux-x86_64 0.7.0 7.40 154.62 162.02 OK
r-release-windows-ix86+x86_64 0.7.0 34.00 215.00 249.00 OK
r-release-osx-x86_64 0.7.0 OK
r-oldrel-windows-ix86+x86_64 0.7.0 9.00 155.00 164.00 OK
r-oldrel-osx-x86_64 0.7.0 ERROR

Check Details

Version: 0.7.0
Check: installed package size
Result: NOTE
     installed size is 5.3Mb
     sub-directories of 1Mb or more:
     doc 3.2Mb
     help 1.6Mb
Flavor: r-patched-solaris-x86

Version: 0.7.0
Check: package dependencies
Result: ERROR
    Package required and available but unsuitable version: ‘plotly’
    
    See section ‘The DESCRIPTION file’ in the ‘Writing R Extensions’
    manual.
Flavor: r-oldrel-osx-x86_64