CRAN Package Check Results for Package getTBinR

Last updated on 2020-02-29 05:47:47 CET.

Flavor Version Tinstall Tcheck Ttotal Status Flags
r-devel-linux-x86_64-debian-clang 0.7.0 6.67 166.20 172.87 OK
r-devel-linux-x86_64-debian-gcc 0.7.0 6.89 141.25 148.14 OK
r-devel-linux-x86_64-fedora-clang 0.7.0 200.25 OK
r-devel-linux-x86_64-fedora-gcc 0.7.0 196.73 OK
r-devel-windows-ix86+x86_64 0.7.0 28.00 175.00 203.00 OK
r-devel-windows-ix86+x86_64-gcc8 0.7.0 23.00 184.00 207.00 OK
r-patched-linux-x86_64 0.7.0 6.92 151.06 157.98 OK
r-patched-solaris-x86 0.7.0 252.80 NOTE
r-release-linux-x86_64 0.7.0 6.72 151.70 158.42 OK
r-release-windows-ix86+x86_64 0.7.0 12.00 218.00 230.00 OK
r-release-osx-x86_64 0.7.0 OK
r-oldrel-windows-ix86+x86_64 0.7.0 14.00 166.00 180.00 OK
r-oldrel-osx-x86_64 0.7.0 OK

Check Details

Version: 0.7.0
Check: installed package size
Result: NOTE
     installed size is 5.3Mb
     sub-directories of 1Mb or more:
     doc 3.2Mb
     help 1.6Mb
Flavor: r-patched-solaris-x86