CRAN Package Check Results for Package germinationmetrics

Last updated on 2019-08-18 07:48:51 CEST.

Flavor Version Tinstall Tcheck Ttotal Status Flags
r-devel-linux-x86_64-debian-clang 0.1.3 6.67 89.44 96.11 OK
r-devel-linux-x86_64-debian-gcc 0.1.3 6.18 74.70 80.88 OK
r-devel-linux-x86_64-fedora-clang 0.1.3 114.31 OK
r-devel-linux-x86_64-fedora-gcc 0.1.3 109.77 OK
r-devel-windows-ix86+x86_64 0.1.3 23.00 141.00 164.00 OK
r-patched-linux-x86_64 0.1.3 6.47 86.53 93.00 OK
r-patched-solaris-x86 0.1.3 136.60 WARN
r-release-linux-x86_64 0.1.3 5.48 88.10 93.58 OK
r-release-windows-ix86+x86_64 0.1.3 13.00 99.00 112.00 OK
r-release-osx-x86_64 0.1.3 WARN
r-oldrel-windows-ix86+x86_64 0.1.3 14.00 133.00 147.00 OK
r-oldrel-osx-x86_64 0.1.3 WARN

Check Details

Version: 0.1.3
Check: re-building of vignette outputs
Result: WARN
    Error(s) in re-building vignettes:
     ...
    --- re-building ‘Introduction.Rmd’ using rmarkdown_notangle
    Warning in engine$weave(file, quiet = quiet, encoding = enc) :
     Pandoc (>= 1.12.3) and/or pandoc-citeproc not available. Falling back to R Markdown v1.
    Quitting from lines 53-60 (Introduction.Rmd)
    Error: processing vignette 'Introduction.Rmd' failed with diagnostics:
    EXPR must be a length 1 vector
    --- failed re-building ‘Introduction.Rmd’
    
    SUMMARY: processing the following file failed:
     ‘Introduction.Rmd’
    
    Error: Vignette re-building failed.
    Execution halted
Flavors: r-patched-solaris-x86, r-release-osx-x86_64

Version: 0.1.3
Check: re-building of vignette outputs
Result: WARN
    Error in re-building vignettes:
     ...
    Warning in engine$weave(file, quiet = quiet, encoding = enc) :
     Pandoc (>= 1.12.3) and/or pandoc-citeproc not available. Falling back to R Markdown v1.
    Quitting from lines 53-60 (Introduction.Rmd)
    Error: processing vignette 'Introduction.Rmd' failed with diagnostics:
    EXPR must be a length 1 vector
    Execution halted
Flavor: r-oldrel-osx-x86_64