CRAN Package Check Results for Package geoviz

Last updated on 2019-06-19 07:48:18 CEST.

Flavor Version Tinstall Tcheck Ttotal Status Flags
r-devel-linux-x86_64-debian-clang 0.2.1 2.29 83.32 85.61 NOTE
r-devel-linux-x86_64-debian-gcc 0.2.1 2.33 67.57 69.90 NOTE
r-devel-linux-x86_64-fedora-clang 0.2.1 104.63 NOTE
r-devel-linux-x86_64-fedora-gcc 0.2.1 100.84 NOTE
r-devel-windows-ix86+x86_64 0.2.1 11.00 146.00 157.00 OK
r-patched-linux-x86_64 0.2.1 2.93 84.11 87.04 OK
r-patched-solaris-x86 0.2.1 190.60 OK
r-release-linux-x86_64 0.2.1 2.89 83.58 86.47 OK
r-release-windows-ix86+x86_64 0.2.1 14.00 148.00 162.00 OK
r-release-osx-x86_64 0.2.1 OK
r-oldrel-windows-ix86+x86_64 0.2.1 7.00 133.00 140.00 OK
r-oldrel-osx-x86_64 0.2.1 OK

Check Details

Version: 0.2.1
Check: for non-standard things in the check directory
Result: NOTE
    Found the following files/directories:
     'mosaic_out.grd' 'mosaic_out.gri'
Flavors: r-devel-linux-x86_64-debian-clang, r-devel-linux-x86_64-debian-gcc, r-devel-linux-x86_64-fedora-clang, r-devel-linux-x86_64-fedora-gcc