CRAN Package Check Results for Package geoviz

Last updated on 2019-09-22 19:51:20 CEST.

Flavor Version Tinstall Tcheck Ttotal Status Flags
r-devel-linux-x86_64-debian-clang 0.2.1 3.04 84.55 87.59 NOTE
r-devel-linux-x86_64-debian-gcc 0.2.1 2.64 66.85 69.49 NOTE
r-devel-linux-x86_64-fedora-clang 0.2.1 106.33 NOTE
r-devel-linux-x86_64-fedora-gcc 0.2.1 107.86 NOTE
r-devel-windows-ix86+x86_64 0.2.1 17.00 138.00 155.00 OK
r-patched-linux-x86_64 0.2.1 2.95 81.80 84.75 OK
r-patched-solaris-x86 0.2.1 188.60 OK
r-release-linux-x86_64 0.2.1 2.98 82.36 85.34 OK
r-release-windows-ix86+x86_64 0.2.1 16.00 135.00 151.00 OK
r-release-osx-x86_64 0.2.1 OK
r-oldrel-windows-ix86+x86_64 0.2.1 4.00 102.00 106.00 OK
r-oldrel-osx-x86_64 0.2.1 OK

Check Details

Version: 0.2.1
Check: for non-standard things in the check directory
Result: NOTE
    Found the following files/directories:
     'mosaic_out.grd' 'mosaic_out.gri'
Flavors: r-devel-linux-x86_64-debian-clang, r-devel-linux-x86_64-debian-gcc, r-devel-linux-x86_64-fedora-clang, r-devel-linux-x86_64-fedora-gcc