CRAN Package Check Results for Package genpwr

Last updated on 2025-01-16 19:48:26 CET.

Flavor Version Tinstall Tcheck Ttotal Status Flags
r-devel-linux-x86_64-debian-clang 1.0.4 16.28 187.66 203.94 NOTE
r-devel-linux-x86_64-debian-gcc 1.0.4 8.38 115.58 123.96 NOTE
r-devel-linux-x86_64-fedora-clang 1.0.4 335.52 NOTE
r-devel-linux-x86_64-fedora-gcc 1.0.4 324.39 NOTE
r-devel-windows-x86_64 1.0.4 20.00 204.00 224.00 NOTE
r-patched-linux-x86_64 1.0.4 13.93 172.00 185.93 NOTE
r-release-linux-x86_64 1.0.4 12.94 169.41 182.35 NOTE
r-release-macos-arm64 1.0.4 81.00 NOTE
r-release-macos-x86_64 1.0.4 128.00 NOTE
r-release-windows-x86_64 1.0.4 16.00 196.00 212.00 NOTE
r-oldrel-macos-arm64 1.0.4 88.00 NOTE
r-oldrel-macos-x86_64 1.0.4 145.00 NOTE
r-oldrel-windows-x86_64 1.0.4 18.00 231.00 249.00 NOTE

Check Details

Version: 1.0.4
Check: package subdirectories
Result: NOTE Problems with news in ‘NEWS.md’: No news entries found. Flavors: r-devel-linux-x86_64-debian-clang, r-devel-linux-x86_64-debian-gcc, r-devel-linux-x86_64-fedora-clang, r-devel-linux-x86_64-fedora-gcc, r-devel-windows-x86_64, r-patched-linux-x86_64, r-release-linux-x86_64, r-release-macos-arm64, r-release-macos-x86_64, r-release-windows-x86_64, r-oldrel-macos-arm64, r-oldrel-macos-x86_64, r-oldrel-windows-x86_64