CRAN Package Check Results for Package genlogis

Last updated on 2019-09-24 07:48:35 CEST.

Flavor Version Tinstall Tcheck Ttotal Status Flags
r-devel-linux-x86_64-debian-clang 1.0.0 4.58 39.94 44.52 OK
r-devel-linux-x86_64-debian-gcc 1.0.0 4.21 31.46 35.67 OK
r-devel-linux-x86_64-fedora-clang 1.0.0 54.59 OK
r-devel-linux-x86_64-fedora-gcc 1.0.0 52.04 OK
r-devel-windows-ix86+x86_64 1.0.0 23.00 92.00 115.00 OK
r-patched-linux-x86_64 1.0.0 4.36 38.93 43.29 OK
r-patched-solaris-x86 1.0.0 111.30 OK
r-release-linux-x86_64 1.0.0 3.94 39.17 43.11 OK
r-release-windows-ix86+x86_64 1.0.0 19.00 88.00 107.00 OK
r-release-osx-x86_64 1.0.0 FAIL
r-oldrel-windows-ix86+x86_64 1.0.0 7.00 66.00 73.00 OK
r-oldrel-osx-x86_64 1.0.0 OK

Check Details

Version: 1.0.0
Check: dependencies in R code
Result: FAIL
    
Flavor: r-release-osx-x86_64