CRAN Package Check Results for Package genlogis

Last updated on 2019-06-25 19:49:41 CEST.

Flavor Version Tinstall Tcheck Ttotal Status Flags
r-devel-linux-x86_64-debian-clang 1.0.0 4.42 41.08 45.50 OK
r-devel-linux-x86_64-debian-gcc 1.0.0 3.86 32.74 36.60 OK
r-devel-linux-x86_64-fedora-clang 1.0.0 55.33 OK
r-devel-linux-x86_64-fedora-gcc 1.0.0 51.73 OK
r-devel-windows-ix86+x86_64 1.0.0 19.00 71.00 90.00 OK
r-patched-linux-x86_64 1.0.0 4.16 40.50 44.66 OK
r-patched-solaris-x86 1.0.0 112.70 OK
r-release-linux-x86_64 1.0.0 4.47 40.94 45.41 OK
r-release-windows-ix86+x86_64 1.0.0 11.00 90.00 101.00 OK
r-release-osx-x86_64 1.0.0 FAIL
r-oldrel-windows-ix86+x86_64 1.0.0 7.00 66.00 73.00 OK
r-oldrel-osx-x86_64 1.0.0 OK

Check Details

Version: 1.0.0
Check: dependencies in R code
Result: FAIL
    
Flavor: r-release-osx-x86_64