CRAN Package Check Results for Package gaiah

Last updated on 2019-09-22 07:48:15 CEST.

Flavor Version Tinstall Tcheck Ttotal Status Flags
r-devel-linux-x86_64-debian-clang 0.0.2 2.66 30.10 32.76 OK
r-devel-linux-x86_64-debian-gcc 0.0.2 2.44 24.15 26.59 OK
r-devel-linux-x86_64-fedora-clang 0.0.2 40.47 NOTE
r-devel-linux-x86_64-fedora-gcc 0.0.2 39.35 NOTE
r-devel-windows-ix86+x86_64 0.0.2 12.00 45.00 57.00 OK
r-patched-linux-x86_64 0.0.2 2.19 29.39 31.58 OK
r-patched-solaris-x86 0.0.2 60.80 NOTE
r-release-linux-x86_64 0.0.2 2.45 29.49 31.94 OK
r-release-windows-ix86+x86_64 0.0.2 6.00 40.00 46.00 OK
r-release-osx-x86_64 0.0.2 NOTE
r-oldrel-windows-ix86+x86_64 0.0.2 3.00 39.00 42.00 OK
r-oldrel-osx-x86_64 0.0.2 NOTE

Check Details

Version: 0.0.2
Check: dependencies in R code
Result: NOTE
    Namespaces in Imports field not imported from:
     ‘ggplot2’ ‘maptools’ ‘rgeos’ ‘stringr’ ‘tidyr’
     All declared Imports should be used.
Flavors: r-devel-linux-x86_64-fedora-clang, r-devel-linux-x86_64-fedora-gcc, r-patched-solaris-x86, r-release-osx-x86_64, r-oldrel-osx-x86_64