CRAN Package Check Results for Package gaiah

Last updated on 2019-06-20 05:48:25 CEST.

Flavor Version Tinstall Tcheck Ttotal Status Flags
r-devel-linux-x86_64-debian-clang 0.0.2 2.31 30.75 33.06 OK
r-devel-linux-x86_64-debian-gcc 0.0.2 1.82 24.32 26.14 OK
r-devel-linux-x86_64-fedora-clang 0.0.2 38.84 NOTE
r-devel-linux-x86_64-fedora-gcc 0.0.2 37.80 NOTE
r-devel-windows-ix86+x86_64 0.0.2 9.00 59.00 68.00 OK
r-patched-linux-x86_64 0.0.2 2.31 30.10 32.41 OK
r-patched-solaris-x86 0.0.2 59.90 NOTE
r-release-linux-x86_64 0.0.2 2.79 30.62 33.41 OK
r-release-windows-ix86+x86_64 0.0.2 10.00 60.00 70.00 OK
r-release-osx-x86_64 0.0.2 NOTE
r-oldrel-windows-ix86+x86_64 0.0.2 4.00 49.00 53.00 OK
r-oldrel-osx-x86_64 0.0.2 NOTE

Check Details

Version: 0.0.2
Check: dependencies in R code
Result: NOTE
    Namespaces in Imports field not imported from:
     ‘ggplot2’ ‘maptools’ ‘rgeos’ ‘stringr’ ‘tidyr’
     All declared Imports should be used.
Flavors: r-devel-linux-x86_64-fedora-clang, r-devel-linux-x86_64-fedora-gcc, r-patched-solaris-x86, r-release-osx-x86_64, r-oldrel-osx-x86_64