CRAN Package Check Results for Package gRim

Last updated on 2019-09-24 07:48:36 CEST.

Flavor Version Tinstall Tcheck Ttotal Status Flags
r-devel-linux-x86_64-debian-clang 0.2-0 42.21 103.69 145.90 OK
r-devel-linux-x86_64-debian-gcc 0.2-0 34.39 83.49 117.88 OK
r-devel-linux-x86_64-fedora-clang 0.2-0 189.22 OK
r-devel-linux-x86_64-fedora-gcc 0.2-0 182.92 OK
r-devel-windows-ix86+x86_64 0.2-0 118.00 204.00 322.00 OK
r-patched-linux-x86_64 0.2-0 40.66 100.15 140.81 OK
r-patched-solaris-x86 0.2-0 233.50 OK
r-release-linux-x86_64 0.2-0 40.52 101.30 141.82 OK
r-release-windows-ix86+x86_64 0.2-0 129.00 211.00 340.00 OK
r-release-osx-x86_64 0.2-0 ERROR
r-oldrel-windows-ix86+x86_64 0.2-0 72.00 134.00 206.00 OK
r-oldrel-osx-x86_64 0.2-0 OK

Additional issues

LTO

Check Details

Version: 0.2-0
Check: package dependencies
Result: ERROR
    Packages required but not available: 'gRbase', 'graph', 'gRain'
    
    Package suggested but not available for checking: ‘Rgraphviz’
    
    See section ‘The DESCRIPTION file’ in the ‘Writing R Extensions’
    manual.
Flavor: r-release-osx-x86_64