CRAN Package Check Results for Package gRim

Last updated on 2019-06-25 19:49:42 CEST.

Flavor Version Tinstall Tcheck Ttotal Status Flags
r-devel-linux-x86_64-debian-clang 0.2-0 43.05 104.06 147.11 OK
r-devel-linux-x86_64-debian-gcc 0.2-0 35.89 81.47 117.36 OK
r-devel-linux-x86_64-fedora-clang 0.2-0 185.01 OK
r-devel-linux-x86_64-fedora-gcc 0.2-0 173.90 OK
r-devel-windows-ix86+x86_64 0.2-0 124.00 161.00 285.00 OK
r-patched-linux-x86_64 0.2-0 39.98 101.78 141.76 OK
r-patched-solaris-x86 0.2-0 238.40 OK
r-release-linux-x86_64 0.2-0 42.07 102.80 144.87 OK
r-release-windows-ix86+x86_64 0.2-0 86.00 209.00 295.00 OK
r-release-osx-x86_64 0.2-0 ERROR
r-oldrel-windows-ix86+x86_64 0.2-0 69.00 139.00 208.00 OK
r-oldrel-osx-x86_64 0.2-0 OK

Check Details

Version: 0.2-0
Check: package dependencies
Result: ERROR
    Packages required but not available: 'gRbase', 'graph', 'gRain'
    
    Package suggested but not available for checking: ‘Rgraphviz’
    
    See section ‘The DESCRIPTION file’ in the ‘Writing R Extensions’
    manual.
Flavor: r-release-osx-x86_64