CRAN Package Check Results for Package gMWT

Last updated on 2019-06-18 07:48:58 CEST.

Flavor Version Tinstall Tcheck Ttotal Status Flags
r-devel-linux-x86_64-debian-clang 1.1 23.10 58.80 81.90 OK
r-devel-linux-x86_64-debian-gcc 1.1 18.72 44.97 63.69 OK
r-devel-linux-x86_64-fedora-clang 1.1 101.50 NOTE
r-devel-linux-x86_64-fedora-gcc 1.1 96.80 NOTE
r-devel-windows-ix86+x86_64 1.1 58.00 89.00 147.00 OK
r-patched-linux-x86_64 1.1 24.93 58.06 82.99 OK
r-patched-solaris-x86 1.1 117.30 OK
r-release-linux-x86_64 1.1 21.42 58.19 79.61 OK
r-release-windows-ix86+x86_64 1.1 45.00 119.00 164.00 OK
r-release-osx-x86_64 1.1 OK
r-oldrel-windows-ix86+x86_64 1.1 40.00 120.00 160.00 OK
r-oldrel-osx-x86_64 1.1 OK

Check Details

Version: 1.1
Check: compiled code
Result: NOTE
    File ‘gMWT/libs/gMWT.so’:
     Found no calls to: ‘R_registerRoutines’, ‘R_useDynamicSymbols’
    
    It is good practice to register native routines and to disable symbol
    search.
    
    See ‘Writing portable packages’ in the ‘Writing R Extensions’ manual.
Flavors: r-devel-linux-x86_64-fedora-clang, r-devel-linux-x86_64-fedora-gcc