CRAN Package Check Results for Package gMWT

Last updated on 2019-09-22 19:51:21 CEST.

Flavor Version Tinstall Tcheck Ttotal Status Flags
r-devel-linux-x86_64-debian-clang 1.1 19.97 57.10 77.07 OK
r-devel-linux-x86_64-debian-gcc 1.1 17.56 43.92 61.48 OK
r-devel-linux-x86_64-fedora-clang 1.1 103.70 NOTE
r-devel-linux-x86_64-fedora-gcc 1.1 103.24 NOTE
r-devel-windows-ix86+x86_64 1.1 59.00 121.00 180.00 OK
r-patched-linux-x86_64 1.1 23.90 56.67 80.57 OK
r-patched-solaris-x86 1.1 116.20 OK
r-release-linux-x86_64 1.1 21.83 57.29 79.12 OK
r-release-windows-ix86+x86_64 1.1 58.00 129.00 187.00 OK
r-release-osx-x86_64 1.1 OK
r-oldrel-windows-ix86+x86_64 1.1 37.00 84.00 121.00 OK
r-oldrel-osx-x86_64 1.1 OK

Check Details

Version: 1.1
Check: compiled code
Result: NOTE
    File ‘gMWT/libs/gMWT.so’:
     Found no calls to: ‘R_registerRoutines’, ‘R_useDynamicSymbols’
    
    It is good practice to register native routines and to disable symbol
    search.
    
    See ‘Writing portable packages’ in the ‘Writing R Extensions’ manual.
Flavors: r-devel-linux-x86_64-fedora-clang, r-devel-linux-x86_64-fedora-gcc