CRAN Package Check Results for Package fts

Last updated on 2019-07-20 19:46:56 CEST.

Flavor Version Tinstall Tcheck Ttotal Status Flags
r-devel-linux-x86_64-debian-clang 0.9.9.2 30.85 22.67 53.52 OK
r-devel-linux-x86_64-debian-gcc 0.9.9.2 25.95 18.88 44.83 OK
r-devel-linux-x86_64-fedora-clang 0.9.9.2 69.09 NOTE
r-devel-linux-x86_64-fedora-gcc 0.9.9.2 75.32 NOTE
r-devel-windows-ix86+x86_64 0.9.9.2 59.00 67.00 126.00 OK
r-patched-linux-x86_64 0.9.9.2 29.77 22.84 52.61 OK
r-patched-solaris-x86 0.9.9.2 112.10 OK
r-release-linux-x86_64 0.9.9.2 28.71 22.89 51.60 OK
r-release-windows-ix86+x86_64 0.9.9.2 60.00 54.00 114.00 OK
r-release-osx-x86_64 0.9.9.2 OK
r-oldrel-windows-ix86+x86_64 0.9.9.2 51.00 64.00 115.00 OK
r-oldrel-osx-x86_64 0.9.9.2 OK

Additional issues

clang-UBSAN gcc-UBSAN

Check Details

Version: 0.9.9.2
Check: compiled code
Result: NOTE
    File ‘fts/libs/fts.so’:
     Found no calls to: ‘R_registerRoutines’, ‘R_useDynamicSymbols’
    
    It is good practice to register native routines and to disable symbol
    search.
    
    See ‘Writing portable packages’ in the ‘Writing R Extensions’ manual.
Flavors: r-devel-linux-x86_64-fedora-clang, r-devel-linux-x86_64-fedora-gcc