CRAN Package Check Results for Package fssemR

Last updated on 2019-06-24 19:49:58 CEST.

Flavor Version Tinstall Tcheck Ttotal Status Flags
r-devel-linux-x86_64-debian-clang 0.1.5 38.45 133.43 171.88 OK
r-devel-linux-x86_64-debian-gcc 0.1.5 36.18 103.23 139.41 OK
r-devel-linux-x86_64-fedora-clang 0.1.5 221.15 NOTE
r-devel-linux-x86_64-fedora-gcc 0.1.5 206.45 OK
r-devel-windows-ix86+x86_64 0.1.5 97.00 207.00 304.00 OK
r-patched-linux-x86_64 0.1.5 42.56 134.01 176.57 OK
r-patched-solaris-x86 0.1.5 265.30 OK
r-release-linux-x86_64 0.1.5 41.61 135.00 176.61 OK
r-release-windows-ix86+x86_64 0.1.5 72.00 220.00 292.00 OK
r-release-osx-x86_64 0.1.5 NOTE
r-oldrel-windows-ix86+x86_64 0.1.5 62.00 205.00 267.00 OK
r-oldrel-osx-x86_64 0.1.5 NOTE

Check Details

Version: 0.1.5
Check: installed package size
Result: NOTE
     installed size is 13.4Mb
     sub-directories of 1Mb or more:
     libs 12.6Mb
Flavors: r-devel-linux-x86_64-fedora-clang, r-release-osx-x86_64, r-oldrel-osx-x86_64