CRAN Package Check Results for Package fssemR

Last updated on 2019-09-24 07:48:35 CEST.

Flavor Version Tinstall Tcheck Ttotal Status Flags
r-devel-linux-x86_64-debian-clang 0.1.5 39.39 136.18 175.57 OK
r-devel-linux-x86_64-debian-gcc 0.1.5 38.75 104.21 142.96 OK
r-devel-linux-x86_64-fedora-clang 0.1.5 223.46 WARN
r-devel-linux-x86_64-fedora-gcc 0.1.5 221.92 OK
r-devel-windows-ix86+x86_64 0.1.5 98.00 263.00 361.00 OK
r-patched-linux-x86_64 0.1.5 39.91 132.15 172.06 OK
r-patched-solaris-x86 0.1.5 259.30 OK
r-release-linux-x86_64 0.1.5 41.31 133.76 175.07 OK
r-release-windows-ix86+x86_64 0.1.5 88.00 265.00 353.00 OK
r-release-osx-x86_64 0.1.5 NOTE
r-oldrel-windows-ix86+x86_64 0.1.5 58.00 201.00 259.00 OK
r-oldrel-osx-x86_64 0.1.5 NOTE

Check Details

Version: 0.1.5
Check: whether package can be installed
Result: WARN
    Found the following significant warnings:
     ./MatOp.h:122:44: warning: 'bind2nd<std::__1::minus<float>, float>' is deprecated [-Wdeprecated-declarations]
Flavor: r-devel-linux-x86_64-fedora-clang

Version: 0.1.5
Check: installed package size
Result: NOTE
     installed size is 13.7Mb
     sub-directories of 1Mb or more:
     libs 13.0Mb
Flavors: r-devel-linux-x86_64-fedora-clang, r-release-osx-x86_64, r-oldrel-osx-x86_64