CRAN Package Check Results for Package fredr

Last updated on 2019-09-24 07:48:35 CEST.

Flavor Version Tinstall Tcheck Ttotal Status Flags
r-devel-linux-x86_64-debian-clang 1.0.0 2.66 33.77 36.43 OK
r-devel-linux-x86_64-debian-gcc 1.0.0 2.40 27.48 29.88 OK
r-devel-linux-x86_64-fedora-clang 1.0.0 46.15 NOTE
r-devel-linux-x86_64-fedora-gcc 1.0.0 45.70 NOTE
r-devel-windows-ix86+x86_64 1.0.0 17.00 75.00 92.00 OK
r-patched-linux-x86_64 1.0.0 2.39 33.53 35.92 OK
r-patched-solaris-x86 1.0.0 60.30 NOTE
r-release-linux-x86_64 1.0.0 2.71 34.46 37.17 OK
r-release-windows-ix86+x86_64 1.0.0 9.00 80.00 89.00 OK
r-release-osx-x86_64 1.0.0 NOTE
r-oldrel-windows-ix86+x86_64 1.0.0 4.00 47.00 51.00 OK
r-oldrel-osx-x86_64 1.0.0 NOTE

Check Details

Version: 1.0.0
Check: data for non-ASCII characters
Result: NOTE
     Note: found 1 marked UTF-8 string
Flavors: r-devel-linux-x86_64-fedora-clang, r-devel-linux-x86_64-fedora-gcc, r-patched-solaris-x86, r-release-osx-x86_64, r-oldrel-osx-x86_64