CRAN Package Check Results for Package fredr

Last updated on 2019-06-25 19:49:40 CEST.

Flavor Version Tinstall Tcheck Ttotal Status Flags
r-devel-linux-x86_64-debian-clang 1.0.0 2.17 34.94 37.11 OK
r-devel-linux-x86_64-debian-gcc 1.0.0 2.09 28.69 30.78 OK
r-devel-linux-x86_64-fedora-clang 1.0.0 45.76 NOTE
r-devel-linux-x86_64-fedora-gcc 1.0.0 44.10 NOTE
r-devel-windows-ix86+x86_64 1.0.0 9.00 61.00 70.00 OK
r-patched-linux-x86_64 1.0.0 2.80 35.45 38.25 OK
r-patched-solaris-x86 1.0.0 61.40 NOTE
r-release-linux-x86_64 1.0.0 2.88 35.30 38.18 OK
r-release-windows-ix86+x86_64 1.0.0 6.00 80.00 86.00 OK
r-release-osx-x86_64 1.0.0 NOTE
r-oldrel-windows-ix86+x86_64 1.0.0 4.00 75.00 79.00 OK
r-oldrel-osx-x86_64 1.0.0 NOTE

Check Details

Version: 1.0.0
Check: data for non-ASCII characters
Result: NOTE
     Note: found 1 marked UTF-8 string
Flavors: r-devel-linux-x86_64-fedora-clang, r-devel-linux-x86_64-fedora-gcc, r-patched-solaris-x86, r-release-osx-x86_64, r-oldrel-osx-x86_64