Last updated on 2021-03-08 17:51:16 CET.
Flavor | Version | Tinstall | Tcheck | Ttotal | Status | Flags |
---|---|---|---|---|---|---|
r-devel-linux-x86_64-debian-clang | 0.8-81 | 7.31 | 36.79 | 44.10 | OK | |
r-devel-linux-x86_64-debian-gcc | 0.8-81 | 5.99 | 28.09 | 34.08 | OK | |
r-devel-linux-x86_64-fedora-clang | 0.8-81 | 66.39 | OK | |||
r-devel-linux-x86_64-fedora-gcc | 0.8-81 | 55.70 | OK | |||
r-devel-windows-ix86+x86_64 | 0.8-81 | 29.00 | 67.00 | 96.00 | OK | |
r-devel-windows-x86_64-gcc10-UCRT | 0.8-81 | OK | ||||
r-patched-linux-x86_64 | 0.8-81 | 6.30 | 35.13 | 41.43 | OK | |
r-patched-solaris-x86 | 0.8-81 | OK | ||||
r-release-linux-x86_64 | 0.8-81 | 10.80 | 34.81 | 45.61 | OK | |
r-release-macos-x86_64 | 0.8-81 | OK | ||||
r-release-windows-ix86+x86_64 | 0.8-81 | 23.00 | 51.00 | 74.00 | OK | |
r-oldrel-macos-x86_64 | 0.8-81 | ERROR | ||||
r-oldrel-windows-ix86+x86_64 | 0.8-76 | 44.00 | 87.00 | 131.00 | OK |
Version: 0.8-81
Check: whether package can be installed
Result: ERROR
Installation failed.
Flavor: r-oldrel-macos-x86_64