CRAN Package Check Results for Package ffstream

Last updated on 2019-09-22 19:51:19 CEST.

Flavor Version Tinstall Tcheck Ttotal Status Flags
r-devel-linux-x86_64-debian-clang 0.1.6 106.38 59.23 165.61 OK
r-devel-linux-x86_64-debian-gcc 0.1.6 90.02 47.25 137.27 OK
r-devel-linux-x86_64-fedora-clang 0.1.6 250.49 NOTE
r-devel-linux-x86_64-fedora-gcc 0.1.6 237.52 OK
r-devel-windows-ix86+x86_64 0.1.6 251.00 109.00 360.00 OK
r-patched-linux-x86_64 0.1.6 97.19 58.46 155.65 OK
r-patched-solaris-x86 0.1.6 221.90 OK
r-release-linux-x86_64 0.1.6 93.65 59.23 152.88 OK
r-release-windows-ix86+x86_64 0.1.6 268.00 135.00 403.00 OK
r-release-osx-x86_64 0.1.6 NOTE
r-oldrel-windows-ix86+x86_64 0.1.6 171.00 105.00 276.00 OK
r-oldrel-osx-x86_64 0.1.6 NOTE

Check Details

Version: 0.1.6
Check: installed package size
Result: NOTE
     installed size is 9.9Mb
     sub-directories of 1Mb or more:
     libs 9.5Mb
Flavors: r-devel-linux-x86_64-fedora-clang, r-release-osx-x86_64, r-oldrel-osx-x86_64