CRAN Package Check Results for Package fddm

Last updated on 2025-01-18 07:50:31 CET.

Flavor Version Tinstall Tcheck Ttotal Status Flags
r-devel-linux-x86_64-debian-clang 1.0-2 116.76 152.82 269.58 OK
r-devel-linux-x86_64-debian-gcc 1.0-2 82.28 109.08 191.36 OK
r-devel-linux-x86_64-fedora-clang 1.0-2 512.73 OK
r-devel-linux-x86_64-fedora-gcc 1.0-2 523.03 OK
r-devel-windows-x86_64 1.0-2 127.00 192.00 319.00 OK
r-patched-linux-x86_64 1.0-2 115.86 151.55 267.41 OK
r-release-linux-x86_64 1.0-2 112.90 149.34 262.24 OK
r-release-macos-arm64 1.0-2 146.00 NOTE
r-release-macos-x86_64 1.0-2 282.00 NOTE
r-release-windows-x86_64 1.0-2 123.00 184.00 307.00 OK
r-oldrel-macos-arm64 1.0-2 162.00 NOTE
r-oldrel-macos-x86_64 1.0-2 322.00 NOTE
r-oldrel-windows-x86_64 1.0-2 135.00 226.00 361.00 OK

Check Details

Version: 1.0-2
Check: installed package size
Result: NOTE installed size is 12.0Mb sub-directories of 1Mb or more: doc 1.6Mb libs 9.5Mb Flavors: r-release-macos-arm64, r-release-macos-x86_64, r-oldrel-macos-arm64, r-oldrel-macos-x86_64