CRAN Package Check Results for Package fasterElasticNet

Last updated on 2019-06-17 07:48:52 CEST.

Flavor Version Tinstall Tcheck Ttotal Status Flags
r-devel-linux-x86_64-debian-clang 1.1.2 44.26 24.99 69.25 OK
r-devel-linux-x86_64-debian-gcc 1.1.2 37.14 20.38 57.52 OK
r-devel-linux-x86_64-fedora-clang 1.1.2 106.19 NOTE
r-devel-linux-x86_64-fedora-gcc 1.1.2 96.12 OK
r-devel-windows-ix86+x86_64 1.1.2 134.00 75.00 209.00 OK
r-patched-linux-x86_64 1.1.2 44.25 25.28 69.53 OK
r-patched-solaris-x86 1.1.2 108.40 OK
r-release-linux-x86_64 1.1.2 44.45 25.25 69.70 OK
r-release-windows-ix86+x86_64 1.1.2 104.00 74.00 178.00 OK
r-release-osx-x86_64 1.1.2 NOTE
r-oldrel-windows-ix86+x86_64 1.1.2 96.00 78.00 174.00 OK
r-oldrel-osx-x86_64 1.1.2 NOTE

Check Details

Version: 1.1.2
Check: installed package size
Result: NOTE
     installed size is 5.1Mb
     sub-directories of 1Mb or more:
     data 3.1Mb
     libs 1.9Mb
Flavors: r-devel-linux-x86_64-fedora-clang, r-release-osx-x86_64, r-oldrel-osx-x86_64