CRAN Package Check Results for Package fasterElasticNet

Last updated on 2020-07-04 19:47:23 CEST.

Flavor Version Tinstall Tcheck Ttotal Status Flags
r-devel-linux-x86_64-debian-clang 1.1.2 58.54 27.09 85.63 OK
r-devel-linux-x86_64-debian-gcc 1.1.2 44.34 21.64 65.98 OK
r-devel-linux-x86_64-fedora-clang 1.1.2 127.36 NOTE
r-devel-linux-x86_64-fedora-gcc 1.1.2 109.54 OK
r-devel-windows-ix86+x86_64 1.1.2 151.00 91.00 242.00 NOTE
r-patched-linux-x86_64 1.1.2 46.70 27.15 73.85 OK
r-patched-solaris-x86 1.1.2 111.80 OK
r-release-linux-x86_64 1.1.2 45.95 27.09 73.04 OK
r-release-osx-x86_64 1.1.2 NOTE
r-release-windows-ix86+x86_64 1.1.2 120.00 80.00 200.00 NOTE
r-oldrel-osx-x86_64 1.1.2 NOTE
r-oldrel-windows-ix86+x86_64 1.1.2 113.00 78.00 191.00 OK

Check Details

Version: 1.1.2
Check: installed package size
Result: NOTE
     installed size is 5.6Mb
     sub-directories of 1Mb or more:
     data 3.1Mb
     libs 2.4Mb
Flavors: r-devel-linux-x86_64-fedora-clang, r-devel-windows-ix86+x86_64, r-release-osx-x86_64, r-release-windows-ix86+x86_64, r-oldrel-osx-x86_64