CRAN Package Check Results for Package fasterElasticNet

Last updated on 2019-08-18 07:48:50 CEST.

Flavor Version Tinstall Tcheck Ttotal Status Flags
r-devel-linux-x86_64-debian-clang 1.1.2 46.93 25.50 72.43 OK
r-devel-linux-x86_64-debian-gcc 1.1.2 36.67 20.42 57.09 OK
r-devel-linux-x86_64-fedora-clang 1.1.2 108.23 NOTE
r-devel-linux-x86_64-fedora-gcc 1.1.2 100.77 OK
r-devel-windows-ix86+x86_64 1.1.2 136.00 86.00 222.00 OK
r-patched-linux-x86_64 1.1.2 42.82 25.30 68.12 OK
r-patched-solaris-x86 1.1.2 111.80 OK
r-release-linux-x86_64 1.1.2 39.58 25.07 64.65 OK
r-release-windows-ix86+x86_64 1.1.2 95.00 63.00 158.00 OK
r-release-osx-x86_64 1.1.2 NOTE
r-oldrel-windows-ix86+x86_64 1.1.2 135.00 71.00 206.00 OK
r-oldrel-osx-x86_64 1.1.2 NOTE

Check Details

Version: 1.1.2
Check: installed package size
Result: NOTE
     installed size is 5.2Mb
     sub-directories of 1Mb or more:
     data 3.1Mb
     libs 2.0Mb
Flavors: r-devel-linux-x86_64-fedora-clang, r-release-osx-x86_64, r-oldrel-osx-x86_64