Last updated on 2025-01-22 08:49:12 CET.
Flavor | Version | Tinstall | Tcheck | Ttotal | Status | Flags |
---|---|---|---|---|---|---|
r-devel-linux-x86_64-debian-clang | 1.0.4 | 43.04 | 67.04 | 110.08 | OK | |
r-devel-linux-x86_64-debian-gcc | 1.0.4 | 31.08 | 44.51 | 75.59 | OK | |
r-devel-linux-x86_64-fedora-clang | 1.0.4 | 206.91 | OK | |||
r-devel-linux-x86_64-fedora-gcc | 1.0.4 | 203.29 | OK | |||
r-devel-windows-x86_64 | 1.0.4 | 51.00 | 139.00 | 190.00 | OK | |
r-patched-linux-x86_64 | 1.0.4 | 42.26 | 61.66 | 103.92 | OK | |
r-release-linux-x86_64 | 1.0.4 | 44.44 | 62.36 | 106.80 | OK | |
r-release-macos-arm64 | 1.0.4 | 56.00 | NOTE | |||
r-release-macos-x86_64 | 1.0.4 | 84.00 | NOTE | |||
r-release-windows-x86_64 | 1.0.4 | 48.00 | 137.00 | 185.00 | OK | |
r-oldrel-macos-arm64 | 1.0.4 | 79.00 | NOTE | |||
r-oldrel-macos-x86_64 | 1.0.4 | 100.00 | NOTE | |||
r-oldrel-windows-x86_64 | 1.0.4 | 60.00 | 152.00 | 212.00 | OK |
Version: 1.0.4
Check: installed package size
Result: NOTE
installed size is 6.7Mb
sub-directories of 1Mb or more:
doc 1.7Mb
libs 3.9Mb
Flavors: r-release-macos-arm64, r-release-macos-x86_64, r-oldrel-macos-arm64, r-oldrel-macos-x86_64