CRAN Package Check Results for Package fastR2

Last updated on 2019-06-24 19:49:56 CEST.

Flavor Version Tinstall Tcheck Ttotal Status Flags
r-devel-linux-x86_64-debian-clang 1.2.1 14.00 115.33 129.33 OK
r-devel-linux-x86_64-debian-gcc 1.2.1 12.04 90.65 102.69 OK
r-devel-linux-x86_64-fedora-clang 1.2.1 151.90 OK
r-devel-linux-x86_64-fedora-gcc 1.2.1 146.09 OK
r-devel-windows-ix86+x86_64 1.2.1 56.00 148.00 204.00 OK
r-patched-linux-x86_64 1.2.1 14.22 111.18 125.40 OK
r-patched-solaris-x86 1.2.1 238.20 OK
r-release-linux-x86_64 1.2.1 16.82 112.25 129.07 OK
r-release-windows-ix86+x86_64 1.2.1 40.00 217.00 257.00 OK
r-release-osx-x86_64 1.2.1 OK
r-oldrel-windows-ix86+x86_64 1.2.1 31.00 122.00 153.00 OK
r-oldrel-osx-x86_64 1.2.1 WARN

Check Details

Version: 1.2.1
Check: whether package can be installed
Result: WARN
    Found the following significant warnings:
     Warning: package ‘dplyr’ was built under R version 3.5.1
Flavor: r-oldrel-osx-x86_64