CRAN Package Check Results for Package fastAdaboost

Last updated on 2019-06-26 07:49:10 CEST.

Flavor Version Tinstall Tcheck Ttotal Status Flags
r-devel-linux-x86_64-debian-clang 1.0.0 35.20 27.31 62.51 OK
r-devel-linux-x86_64-debian-gcc 1.0.0 27.31 22.12 49.43 OK
r-devel-linux-x86_64-fedora-clang 1.0.0 90.77 NOTE
r-devel-linux-x86_64-fedora-gcc 1.0.0 82.62 NOTE
r-devel-windows-ix86+x86_64 1.0.0 97.00 67.00 164.00 OK
r-patched-linux-x86_64 1.0.0 33.78 26.81 60.59 OK
r-patched-solaris-x86 1.0.0 102.50 OK
r-release-linux-x86_64 1.0.0 33.29 27.16 60.45 OK
r-release-windows-ix86+x86_64 1.0.0 75.00 86.00 161.00 OK
r-release-osx-x86_64 1.0.0 OK
r-oldrel-windows-ix86+x86_64 1.0.0 68.00 64.00 132.00 OK
r-oldrel-osx-x86_64 1.0.0 OK

Additional issues

clang-UBSAN

Check Details

Version: 1.0.0
Check: compiled code
Result: NOTE
    File ‘fastAdaboost/libs/fastAdaboost.so’:
     Found no calls to: ‘R_registerRoutines’, ‘R_useDynamicSymbols’
    
    It is good practice to register native routines and to disable symbol
    search.
    
    See ‘Writing portable packages’ in the ‘Writing R Extensions’ manual.
Flavors: r-devel-linux-x86_64-fedora-clang, r-devel-linux-x86_64-fedora-gcc