CRAN Package Check Results for Package fastAdaboost

Last updated on 2019-09-24 07:48:34 CEST.

Flavor Version Tinstall Tcheck Ttotal Status Flags
r-devel-linux-x86_64-debian-clang 1.0.0 34.89 26.82 61.71 OK
r-devel-linux-x86_64-debian-gcc 1.0.0 28.52 21.56 50.08 OK
r-devel-linux-x86_64-fedora-clang 1.0.0 92.05 NOTE
r-devel-linux-x86_64-fedora-gcc 1.0.0 87.62 NOTE
r-devel-windows-ix86+x86_64 1.0.0 105.00 93.00 198.00 OK
r-patched-linux-x86_64 1.0.0 31.04 26.47 57.51 OK
r-patched-solaris-x86 1.0.0 100.40 OK
r-release-linux-x86_64 1.0.0 32.57 26.13 58.70 OK
r-release-windows-ix86+x86_64 1.0.0 107.00 82.00 189.00 OK
r-release-osx-x86_64 1.0.0 OK
r-oldrel-windows-ix86+x86_64 1.0.0 66.00 61.00 127.00 OK
r-oldrel-osx-x86_64 1.0.0 OK

Additional issues

clang-UBSAN

Check Details

Version: 1.0.0
Check: compiled code
Result: NOTE
    File ‘fastAdaboost/libs/fastAdaboost.so’:
     Found no calls to: ‘R_registerRoutines’, ‘R_useDynamicSymbols’
    
    It is good practice to register native routines and to disable symbol
    search.
    
    See ‘Writing portable packages’ in the ‘Writing R Extensions’ manual.
Flavors: r-devel-linux-x86_64-fedora-clang, r-devel-linux-x86_64-fedora-gcc