CRAN Package Check Results for Package eseis

Last updated on 2019-08-24 19:47:10 CEST.

Flavor Version Tinstall Tcheck Ttotal Status Flags
r-devel-linux-x86_64-debian-clang 0.4.0 26.61 74.41 101.02 OK
r-devel-linux-x86_64-debian-gcc 0.4.0 19.24 58.80 78.04 OK
r-devel-linux-x86_64-fedora-clang 0.4.0 131.81 OK
r-devel-linux-x86_64-fedora-gcc 0.4.0 125.81 OK
r-devel-windows-ix86+x86_64 0.4.0 44.00 140.00 184.00 OK
r-patched-linux-x86_64 0.4.0 22.22 74.15 96.37 OK
r-patched-solaris-x86 0.4.0 167.70 OK
r-release-linux-x86_64 0.4.0 24.67 74.67 99.34 OK
r-release-windows-ix86+x86_64 0.4.0 82.00 182.00 264.00 OK
r-release-osx-x86_64 0.4.0 FAIL
r-oldrel-windows-ix86+x86_64 0.4.0 59.00 157.00 216.00 OK
r-oldrel-osx-x86_64 0.4.0 OK

Check Details

Version: 0.4.0
Check: dependencies in R code
Result: FAIL
    
Flavor: r-release-osx-x86_64