CRAN Package Check Results for Package eseis

Last updated on 2019-06-16 07:46:52 CEST.

Flavor Version Tinstall Tcheck Ttotal Status Flags
r-devel-linux-x86_64-debian-clang 0.4.0 27.66 74.99 102.65 OK
r-devel-linux-x86_64-debian-gcc 0.4.0 19.02 59.26 78.28 OK
r-devel-linux-x86_64-fedora-clang 0.4.0 130.52 OK
r-devel-linux-x86_64-fedora-gcc 0.4.0 120.06 OK
r-devel-windows-ix86+x86_64 0.4.0 70.00 178.00 248.00 OK
r-patched-linux-x86_64 0.4.0 24.31 75.45 99.76 OK
r-patched-solaris-x86 0.4.0 180.40 OK
r-release-linux-x86_64 0.4.0 23.88 75.41 99.29 OK
r-release-windows-ix86+x86_64 0.4.0 49.00 182.00 231.00 OK
r-release-osx-x86_64 0.4.0 FAIL
r-oldrel-windows-ix86+x86_64 0.4.0 38.00 173.00 211.00 OK
r-oldrel-osx-x86_64 0.4.0 OK

Check Details

Version: 0.4.0
Check: dependencies in R code
Result: FAIL
    
Flavor: r-release-osx-x86_64