CRAN Package Check Results for Package ergmito

Last updated on 2021-04-22 16:48:46 CEST.

Flavor Version Tinstall Tcheck Ttotal Status Flags
r-devel-linux-x86_64-debian-clang 0.3-0 122.77 201.25 324.02 OK
r-devel-linux-x86_64-debian-gcc 0.3-0 86.96 149.64 236.60 OK
r-devel-linux-x86_64-fedora-clang 0.3-0 423.18 NOTE
r-devel-linux-x86_64-fedora-gcc 0.3-0 399.38 OK
r-devel-windows-ix86+x86_64 0.3-0 254.00 400.00 654.00 OK
r-devel-windows-x86_64-gcc10-UCRT 0.3-0 OK
r-patched-linux-x86_64 0.3-0 106.13 190.97 297.10 OK
r-patched-solaris-x86 0.3-0 483.90 OK
r-release-linux-x86_64 0.3-0 103.90 186.74 290.64 OK
r-release-macos-x86_64 0.3-0 NOTE
r-release-windows-ix86+x86_64 0.3-0 251.00 390.00 641.00 OK
r-oldrel-macos-x86_64 0.3-0 NOTE
r-oldrel-windows-ix86+x86_64 0.3-0 213.00 367.00 580.00 OK

Check Details

Version: 0.3-0
Check: installed package size
Result: NOTE
     installed size is 5.3Mb
     sub-directories of 1Mb or more:
     libs 3.9Mb
Flavors: r-devel-linux-x86_64-fedora-clang, r-release-macos-x86_64, r-oldrel-macos-x86_64