CRAN Package Check Results for Package embryogrowth

Last updated on 2021-04-21 04:48:56 CEST.

Flavor Version Tinstall Tcheck Ttotal Status Flags
r-devel-linux-x86_64-debian-clang 8.0 20.01 122.63 142.64 OK
r-devel-linux-x86_64-debian-gcc 8.0 16.91 93.97 110.88 OK
r-devel-linux-x86_64-fedora-clang 8.0 179.01 NOTE
r-devel-linux-x86_64-fedora-gcc 8.0 171.40 NOTE
r-devel-windows-ix86+x86_64 8.0 38.00 116.00 154.00 OK
r-devel-windows-x86_64-gcc10-UCRT 8.0 NOTE
r-patched-linux-x86_64 8.0 18.26 111.61 129.87 OK
r-patched-solaris-x86 8.0 226.80 NOTE
r-release-linux-x86_64 8.0 21.12 110.88 132.00 OK
r-release-macos-x86_64 8.0 NOTE
r-release-windows-ix86+x86_64 8.0 37.00 159.00 196.00 OK
r-oldrel-macos-x86_64 8.0 ERROR
r-oldrel-windows-ix86+x86_64 7.6 34.00 130.00 164.00 OK

Check Details

Version: 8.0
Check: data for non-ASCII characters
Result: NOTE
     Note: found 38 marked UTF-8 strings
Flavors: r-devel-linux-x86_64-fedora-clang, r-devel-linux-x86_64-fedora-gcc, r-devel-windows-x86_64-gcc10-UCRT, r-patched-solaris-x86, r-release-macos-x86_64

Version: 8.0
Check: whether package can be installed
Result: ERROR
    Installation failed.
Flavor: r-oldrel-macos-x86_64