CRAN Package Check Results for Package effectR

Last updated on 2019-06-16 19:52:11 CEST.

Flavor Version Tinstall Tcheck Ttotal Status Flags
r-devel-linux-x86_64-debian-clang 1.0.2 3.27 31.35 34.62 OK
r-devel-linux-x86_64-debian-gcc 1.0.2 2.40 25.94 28.34 OK
r-devel-linux-x86_64-fedora-clang 1.0.2 42.00 NOTE
r-devel-linux-x86_64-fedora-gcc 1.0.2 40.79 NOTE
r-devel-windows-ix86+x86_64 1.0.2 13.00 77.00 90.00 OK
r-patched-linux-x86_64 1.0.2 3.15 31.63 34.78 OK
r-patched-solaris-x86 1.0.2 69.30 NOTE
r-release-linux-x86_64 1.0.2 3.13 31.74 34.87 OK
r-release-windows-ix86+x86_64 1.0.2 9.00 68.00 77.00 OK
r-release-osx-x86_64 1.0.2 NOTE
r-oldrel-windows-ix86+x86_64 1.0.2 5.00 80.00 85.00 OK
r-oldrel-osx-x86_64 1.0.2 NOTE

Check Details

Version: 1.0.2
Check: dependencies in R code
Result: NOTE
    Namespace in Imports field not imported from: ‘rmarkdown’
     All declared Imports should be used.
Flavors: r-devel-linux-x86_64-fedora-clang, r-devel-linux-x86_64-fedora-gcc, r-patched-solaris-x86, r-release-osx-x86_64, r-oldrel-osx-x86_64