CRAN Package Check Results for Package effectR

Last updated on 2020-07-04 19:47:21 CEST.

Flavor Version Tinstall Tcheck Ttotal Status Flags
r-devel-linux-x86_64-debian-clang 1.0.2 3.69 37.77 41.46 OK
r-devel-linux-x86_64-debian-gcc 1.0.2 3.01 30.14 33.15 OK
r-devel-linux-x86_64-fedora-clang 1.0.2 59.42 NOTE
r-devel-linux-x86_64-fedora-gcc 1.0.2 49.71 NOTE
r-devel-windows-ix86+x86_64 1.0.2 17.00 85.00 102.00 OK
r-patched-linux-x86_64 1.0.2 3.76 38.04 41.80 OK
r-patched-solaris-x86 1.0.2 76.40 NOTE
r-release-linux-x86_64 1.0.2 3.89 38.05 41.94 OK
r-release-osx-x86_64 1.0.2 NOTE
r-release-windows-ix86+x86_64 1.0.2 11.00 57.00 68.00 OK
r-oldrel-osx-x86_64 1.0.2 NOTE
r-oldrel-windows-ix86+x86_64 1.0.2 11.00 75.00 86.00 OK

Check Details

Version: 1.0.2
Check: dependencies in R code
Result: NOTE
    Namespace in Imports field not imported from: ‘rmarkdown’
     All declared Imports should be used.
Flavors: r-devel-linux-x86_64-fedora-clang, r-devel-linux-x86_64-fedora-gcc, r-patched-solaris-x86, r-release-osx-x86_64, r-oldrel-osx-x86_64