CRAN Package Check Results for Package eeptools

Last updated on 2025-01-20 08:48:24 CET.

Flavor Version Tinstall Tcheck Ttotal Status Flags
r-devel-linux-x86_64-debian-clang 1.2.5 12.01 123.27 135.28 NOTE
r-devel-linux-x86_64-debian-gcc 1.2.5 8.29 84.66 92.95 NOTE
r-devel-linux-x86_64-fedora-clang 1.2.5 217.42 OK
r-devel-linux-x86_64-fedora-gcc 1.2.5 212.51 OK
r-devel-windows-x86_64 1.2.5 13.00 127.00 140.00 NOTE
r-patched-linux-x86_64 1.2.5 15.27 113.92 129.19 OK
r-release-linux-x86_64 1.2.5 10.45 111.82 122.27 OK
r-release-macos-arm64 1.2.5 68.00 OK
r-release-macos-x86_64 1.2.5 93.00 OK
r-release-windows-x86_64 1.2.5 13.00 124.00 137.00 OK
r-oldrel-macos-arm64 1.2.5 62.00 OK
r-oldrel-macos-x86_64 1.2.5 153.00 OK
r-oldrel-windows-x86_64 1.2.5 14.00 152.00 166.00 OK

Check Details

Version: 1.2.5
Check: Rd cross-references
Result: NOTE Found the following Rd file(s) with Rd \link{} targets missing package anchors: crosstabplot.Rd: mosaic gelmansim.Rd: sim moves_calc.Rd: data.table profpoly.Rd: geom_polygon profpoly.data.Rd: geom_polygon theme_dpi.Rd: theme_bw theme_dpi_map.Rd: theme_bw theme_dpi_map2.Rd: theme_bw theme_dpi_mapPNG.Rd: theme_bw Please provide package anchors for all Rd \link{} targets not in the package itself and the base packages. Flavors: r-devel-linux-x86_64-debian-clang, r-devel-linux-x86_64-debian-gcc, r-devel-windows-x86_64