CRAN Package Check Results for Package edgebundleR

Last updated on 2025-01-19 19:48:18 CET.

Flavor Version Tinstall Tcheck Ttotal Status Flags
r-devel-linux-x86_64-debian-clang 0.1.4 3.62 31.17 34.79 OK
r-devel-linux-x86_64-debian-gcc 0.1.4 2.52 24.25 26.77 OK
r-devel-linux-x86_64-fedora-clang 0.1.4 57.10 OK
r-devel-linux-x86_64-fedora-gcc 0.1.4 54.72 OK
r-devel-windows-x86_64 0.1.4 5.00 53.00 58.00 OK
r-patched-linux-x86_64 0.1.4 3.61 29.74 33.35 NOTE
r-release-linux-x86_64 0.1.4 3.30 29.89 33.19 NOTE
r-release-macos-arm64 0.1.4 20.00 NOTE
r-release-macos-x86_64 0.1.4 29.00 NOTE
r-release-windows-x86_64 0.1.4 8.00 54.00 62.00 NOTE
r-oldrel-macos-arm64 0.1.4 22.00 NOTE
r-oldrel-macos-x86_64 0.1.4 31.00 NOTE
r-oldrel-windows-x86_64 0.1.4 7.00 58.00 65.00 NOTE

Check Details

Version: 0.1.4
Check: LazyData
Result: NOTE 'LazyData' is specified without a 'data' directory Flavors: r-patched-linux-x86_64, r-release-linux-x86_64, r-release-macos-arm64, r-release-macos-x86_64, r-release-windows-x86_64, r-oldrel-macos-arm64, r-oldrel-macos-x86_64, r-oldrel-windows-x86_64