CRAN Package Check Results for Package echor

Last updated on 2019-09-22 07:48:14 CEST.

Flavor Version Tinstall Tcheck Ttotal Status Flags
r-devel-linux-x86_64-debian-clang 0.1.3 5.08 41.97 47.05 OK
r-devel-linux-x86_64-debian-gcc 0.1.3 4.32 33.85 38.17 OK
r-devel-linux-x86_64-fedora-clang 0.1.3 53.56 NOTE
r-devel-linux-x86_64-fedora-gcc 0.1.3 53.04 NOTE
r-devel-windows-ix86+x86_64 0.1.3 21.00 83.00 104.00 OK
r-patched-linux-x86_64 0.1.3 3.97 40.56 44.53 OK
r-patched-solaris-x86 0.1.3 78.40 NOTE
r-release-linux-x86_64 0.1.3 4.18 41.03 45.21 OK
r-release-windows-ix86+x86_64 0.1.3 10.00 79.00 89.00 OK
r-release-osx-x86_64 0.1.3 NOTE
r-oldrel-windows-ix86+x86_64 0.1.2 6.00 65.00 71.00 WARN
r-oldrel-osx-x86_64 0.1.3 NOTE

Check Details

Version: 0.1.3
Check: dependencies in R code
Result: NOTE
    Namespace in Imports field not imported from: ‘lubridate’
     All declared Imports should be used.
Flavors: r-devel-linux-x86_64-fedora-clang, r-devel-linux-x86_64-fedora-gcc, r-patched-solaris-x86, r-release-osx-x86_64, r-oldrel-osx-x86_64

Version: 0.1.2
Check: re-building of vignette outputs
Result: WARN
    Error in re-building vignettes:
     ...
    Quitting from lines 310-314 (introduction.Rmd)
    Error: processing vignette 'introduction.Rmd' failed with diagnostics:
    No common type for `..1$dmr$version_nmbr` <double> and `..2$dmr$version_nmbr` <character>.
    Backtrace:
     x
     1. +-tools::buildVignettes(dir = "d:/Rcompile/CRANpkg/local/3.5/echor.Rcheck/vign_test/echor")
     2. | +-base::tryCatch(...)
     3. | | \-base:::tryCatchList(expr, classes, parentenv, handlers)
     4. | | \-base:::tryCatchOne(expr, names, parentenv, handlers[[1L]])
     5. | | \-base:::doTryCatch(return(expr), name, parentenv, handler)
     6. | \-engine$weave(file, quiet = quiet, encoding = enc)
     7. | \-knitr:::vweave_rmarkdown(...)
     8. | \-rmarkdown::render(...)
     9. | \-knitr::knit(...)
     10. | \-knitr:::process_file(text, output)
     11. | +-base::withCallingHandlers(...)
     12. | +-knitr:::process_group(group)
     13. | \-knitr:::process_group.block(group)
     14. | \-knitr:::call_block(x)
     15. | \-knitr:::block_exec(params)
     16. |
    Execution halted
Flavor: r-oldrel-windows-ix86+x86_64