CRAN Package Check Results for Package echor

Last updated on 2019-06-19 19:46:34 CEST.

Flavor Version Tinstall Tcheck Ttotal Status Flags
r-devel-linux-x86_64-debian-clang 0.1.2 4.07 40.55 44.62 OK
r-devel-linux-x86_64-debian-gcc 0.1.2 3.85 32.91 36.76 OK
r-devel-linux-x86_64-fedora-clang 0.1.2 53.73 NOTE
r-devel-linux-x86_64-fedora-gcc 0.1.2 51.62 NOTE
r-devel-windows-ix86+x86_64 0.1.2 15.00 83.00 98.00 OK
r-patched-linux-x86_64 0.1.2 4.68 40.13 44.81 OK
r-patched-solaris-x86 0.1.2 82.20 NOTE
r-release-linux-x86_64 0.1.2 4.43 39.88 44.31 OK
r-release-windows-ix86+x86_64 0.1.2 20.00 86.00 106.00 OK
r-release-osx-x86_64 0.1.2 NOTE
r-oldrel-windows-ix86+x86_64 0.1.2 5.00 102.00 107.00 OK
r-oldrel-osx-x86_64 0.1.2 NOTE

Check Details

Version: 0.1.2
Check: dependencies in R code
Result: NOTE
    Namespace in Imports field not imported from: ‘lubridate’
     All declared Imports should be used.
Flavors: r-devel-linux-x86_64-fedora-clang, r-devel-linux-x86_64-fedora-gcc, r-patched-solaris-x86, r-release-osx-x86_64, r-oldrel-osx-x86_64