CRAN Package Check Results for Package dynutils

Last updated on 2018-10-18 00:48:06 CEST.

Flavor Version Tinstall Tcheck Ttotal Status Flags
r-devel-linux-x86_64-debian-clang 1.0.0 22.20 58.99 81.19 OK
r-devel-linux-x86_64-debian-gcc 1.0.0 22.50 45.07 67.57 OK
r-devel-linux-x86_64-fedora-clang 1.0.0 104.90 NOTE
r-devel-linux-x86_64-fedora-gcc 1.0.0 99.20 NOTE
r-devel-windows-ix86+x86_64 1.0.0 59.00 148.00 207.00 OK
r-patched-linux-x86_64 1.0.0 24.61 52.24 76.85 OK
r-patched-solaris-x86 1.0.0 114.90 NOTE
r-release-linux-x86_64 1.0.0 22.79 52.11 74.90 OK
r-release-windows-ix86+x86_64 1.0.0 56.00 148.00 204.00 OK
r-release-osx-x86_64 1.0.0 NOTE
r-oldrel-windows-ix86+x86_64 1.0.0 59.00 180.00 239.00 OK
r-oldrel-osx-x86_64 1.0.0 NOTE

Check Details

Version: 1.0.0
Check: dependencies in R code
Result: NOTE
    Namespaces in Imports field not imported from:
     ‘Rcpp’ ‘processx’
     All declared Imports should be used.
Flavors: r-devel-linux-x86_64-fedora-clang, r-devel-linux-x86_64-fedora-gcc, r-patched-solaris-x86, r-release-osx-x86_64, r-oldrel-osx-x86_64