CRAN Package Check Results for Package dynutils

Last updated on 2018-08-14 13:46:43 CEST.

Flavor Version Tinstall Tcheck Ttotal Status Flags
r-devel-linux-x86_64-debian-clang 1.0.0 25.38 58.03 83.41 OK
r-devel-linux-x86_64-debian-gcc 1.0.0 18.77 44.86 63.63 OK
r-devel-linux-x86_64-fedora-clang 1.0.0 102.54 NOTE
r-devel-linux-x86_64-fedora-gcc 1.0.0 96.97 NOTE
r-devel-windows-ix86+x86_64 1.0.0 61.00 129.00 190.00 OK
r-patched-linux-x86_64 1.0.0 22.59 52.26 74.85 OK
r-patched-solaris-x86 1.0.0 116.80 NOTE
r-release-linux-x86_64 1.0.0 25.51 51.95 77.46 OK
r-release-windows-ix86+x86_64 1.0.0 46.00 111.00 157.00 OK
r-release-osx-x86_64 1.0.0 NOTE
r-oldrel-windows-ix86+x86_64 1.0.0 54.00 128.00 182.00 OK
r-oldrel-osx-x86_64 1.0.0 NOTE

Additional issues

rchk

Check Details

Version: 1.0.0
Check: dependencies in R code
Result: NOTE
    Namespaces in Imports field not imported from:
     ‘Rcpp’ ‘processx’
     All declared Imports should be used.
Flavors: r-devel-linux-x86_64-fedora-clang, r-devel-linux-x86_64-fedora-gcc, r-patched-solaris-x86, r-release-osx-x86_64, r-oldrel-osx-x86_64