CRAN Package Check Results for Package dynutils

Last updated on 2019-03-24 11:51:09 CET.

Flavor Version Tinstall Tcheck Ttotal Status Flags
r-devel-linux-x86_64-debian-clang 1.0.2 26.88 94.01 120.89 OK
r-devel-linux-x86_64-debian-gcc 1.0.2 21.45 73.27 94.72 OK
r-devel-linux-x86_64-fedora-clang 1.0.2 107.39 OK
r-devel-linux-x86_64-fedora-gcc 1.0.2 103.62 OK
r-devel-windows-ix86+x86_64 1.0.2 71.00 176.00 247.00 OK
r-patched-linux-x86_64 1.0.2 23.87 89.60 113.47 OK
r-patched-solaris-x86 1.0.2 142.60 ERROR
r-release-linux-x86_64 1.0.2 0.37 2.60 2.97 ERROR
r-release-windows-ix86+x86_64 1.0.2 71.00 189.00 260.00 OK
r-release-osx-x86_64 1.0.1 OK
r-oldrel-windows-ix86+x86_64 1.0.2 48.00 166.00 214.00 OK
r-oldrel-osx-x86_64 1.0.1 OK

Check Details

Version: 1.0.2
Check: tests
Result: ERROR
     Running ‘testthat.R’ [11s/12s]
    Running the tests in ‘tests/testthat.R’ failed.
    Complete output:
     > library(testthat)
     > library(dplyr)
    
     Attaching package: 'dplyr'
    
     The following object is masked from 'package:testthat':
    
     matches
    
     The following objects are masked from 'package:stats':
    
     filter, lag
    
     The following objects are masked from 'package:base':
    
     intersect, setdiff, setequal, union
    
     > library(tidyr)
     > library(tibble)
     > library(stringr)
     > library(purrr)
    
     Attaching package: 'purrr'
    
     The following object is masked from 'package:testthat':
    
     is_null
    
     > library(magrittr)
    
     Attaching package: 'magrittr'
    
     The following object is masked from 'package:purrr':
    
     set_names
    
     The following object is masked from 'package:tidyr':
    
     extract
    
     The following objects are masked from 'package:testthat':
    
     equals, is_less_than, not
    
     >
     > test_check("dynutils")
     Loading required package: dynutils
    
     Attaching package: 'dynutils'
    
     The following object is masked from 'package:testthat':
    
     has_names
    
     ── 1. Error: write_h5 and read_h5 works (@test-h5.R#27) ───────────────────────
     HDF5-API H5F.c in H5Fcreate(): line 444: unable to create file
     class: HDF5
     major: File accessibilty
     minor: Unable to open file
    
     error #001: H5Fint.c in H5F__create(): line 1364: unable to open file
     class: HDF5
     major: File accessibilty
     minor: Unable to open file
    
     error #002: H5Fint.c in H5F_open(): line 1615: unable to lock the file
     class: HDF5
     major: File accessibilty
     minor: Unable to open file
    
     error #003: H5FD.c in H5FD_lock(): line 1640: driver lock request failed
     class: HDF5
     major: Virtual File Layer
     minor: Can't update object
    
     error #004: H5FDsec2.c in H5FD_sec2_lock(): line 941: unable to lock file, errno = 14, error message = 'Bad address'
     class: HDF5
     major: File accessibilty
     minor: Bad file ID accessed
     1: write_h5(obj, file) at testthat/test-h5.R:27
     2: hdf5r::H5File$new(path, "w")
     3: .subset2(public_bind_env, "initialize")(...)
     4: H5File.open(filename, mode, file_create_pl, file_access_pl)
    
     ── 2. Error: errors gracefully (@test-h5.R#49) ────────────────────────────────
     HDF5-API H5F.c in H5Fcreate(): line 444: unable to create file
     class: HDF5
     major: File accessibilty
     minor: Unable to open file
    
     error #001: H5Fint.c in H5F__create(): line 1364: unable to open file
     class: HDF5
     major: File accessibilty
     minor: Unable to open file
    
     error #002: H5Fint.c in H5F_open(): line 1615: unable to lock the file
     class: HDF5
     major: File accessibilty
     minor: Unable to open file
    
     error #003: H5FD.c in H5FD_lock(): line 1640: driver lock request failed
     class: HDF5
     major: Virtual File Layer
     minor: Can't update object
    
     error #004: H5FDsec2.c in H5FD_sec2_lock(): line 941: unable to lock file, errno = 14, error message = 'Bad address'
     class: HDF5
     major: File accessibilty
     minor: Bad file ID accessed
     1: hdf5r::H5File$new(file, mode = "w") at testthat/test-h5.R:49
     2: .subset2(public_bind_env, "initialize")(...)
     3: H5File.open(filename, mode, file_create_pl, file_access_pl)
    
     ══ testthat results ═══════════════════════════════════════════════════════════
     OK: 525 SKIPPED: 1 FAILED: 2
     1. Error: write_h5 and read_h5 works (@test-h5.R#27)
     2. Error: errors gracefully (@test-h5.R#49)
    
     Error: testthat unit tests failed
     Execution halted
Flavor: r-patched-solaris-x86

Version: 1.0.2
Check: whether package can be installed
Result: ERROR
    Installation failed.
Flavor: r-release-linux-x86_64