Last updated on 2025-01-23 19:49:22 CET.
Flavor | Version | Tinstall | Tcheck | Ttotal | Status | Flags |
---|---|---|---|---|---|---|
r-devel-linux-x86_64-debian-clang | 1.1.0 | 4.40 | 33.17 | 37.57 | OK | |
r-devel-linux-x86_64-debian-gcc | 1.1.0 | 3.04 | 26.59 | 29.63 | NOTE | |
r-devel-linux-x86_64-fedora-clang | 1.1.0 | 65.67 | OK | |||
r-devel-linux-x86_64-fedora-gcc | 1.1.0 | 71.24 | OK | |||
r-devel-windows-x86_64 | 1.1.0 | 6.00 | 61.00 | 67.00 | OK | |
r-patched-linux-x86_64 | 1.1.0 | 4.13 | 32.53 | 36.66 | OK | |
r-release-linux-x86_64 | 1.1.0 | 3.65 | 31.79 | 35.44 | OK | |
r-release-macos-arm64 | 1.1.0 | 81.00 | OK | |||
r-release-macos-x86_64 | 1.1.0 | 121.00 | OK | |||
r-release-windows-x86_64 | 1.1.0 | 6.00 | 60.00 | 66.00 | OK | |
r-oldrel-macos-arm64 | 1.1.0 | 70.00 | OK | |||
r-oldrel-macos-x86_64 | 1.1.0 | 121.00 | OK | |||
r-oldrel-windows-x86_64 | 1.1.0 | 7.00 | 63.00 | 70.00 | OK |
Version: 1.1.0
Check: DESCRIPTION meta-information
Result: NOTE
Missing dependency on R >= 4.1.0 because package code uses the pipe
|> or function shorthand \(...) syntax added in R 4.1.0.
File(s) using such syntax:
‘xxx_onload.R’
Flavor: r-devel-linux-x86_64-debian-gcc