Last updated on 2025-06-23 12:49:53 CEST.
Flavor | Version | Tinstall | Tcheck | Ttotal | Status | Flags |
---|---|---|---|---|---|---|
r-devel-linux-x86_64-debian-clang | 2.3 | 53.27 | 584.25 | 637.52 | OK | |
r-devel-linux-x86_64-debian-gcc | 2.3 | 39.59 | 412.06 | 451.65 | OK | |
r-devel-linux-x86_64-fedora-clang | 2.3 | 1052.58 | OK | |||
r-devel-linux-x86_64-fedora-gcc | 2.3 | 963.74 | OK | |||
r-devel-windows-x86_64 | 2.3 | 55.00 | 599.00 | 654.00 | OK | |
r-patched-linux-x86_64 | 2.3 | 51.85 | 555.18 | 607.03 | OK | |
r-release-linux-x86_64 | 2.3 | 52.85 | 556.97 | 609.82 | OK | |
r-release-macos-arm64 | 2.3 | 271.00 | OK | |||
r-release-macos-x86_64 | 2.3 | 516.00 | OK | |||
r-release-windows-x86_64 | 2.3 | 52.00 | 589.00 | 641.00 | OK | |
r-oldrel-macos-arm64 | 2.3 | 196.00 | OK | |||
r-oldrel-macos-x86_64 | 2.3 | 315.00 | NOTE | |||
r-oldrel-windows-x86_64 | 2.3 | 75.00 | 737.00 | 812.00 | OK |
Version: 2.3
Check: package dependencies
Result: NOTE
Package suggested but not available for checking: ‘pwalign’
Flavor: r-oldrel-macos-x86_64