CRAN Package Check Results for Package dlookr

Last updated on 2021-04-19 16:47:21 CEST.

Flavor Version Tinstall Tcheck Ttotal Status Flags
r-devel-linux-x86_64-debian-clang 0.4.4 21.66 354.10 375.76 NOTE
r-devel-linux-x86_64-debian-gcc 0.4.4 18.02 261.31 279.33 NOTE
r-devel-linux-x86_64-fedora-clang 0.4.4 432.86 NOTE
r-devel-linux-x86_64-fedora-gcc 0.4.4 430.32 NOTE
r-devel-windows-ix86+x86_64 0.4.4 33.00 313.00 346.00 NOTE
r-devel-windows-x86_64-gcc10-UCRT 0.4.4 NOTE
r-patched-linux-x86_64 0.4.4 19.59 331.64 351.23 OK
r-patched-solaris-x86 0.4.4 611.60 OK
r-release-linux-x86_64 0.4.4 20.27 333.82 354.09 OK
r-release-macos-x86_64 0.4.4 OK
r-release-windows-ix86+x86_64 0.4.4 47.00 448.00 495.00 OK
r-oldrel-macos-x86_64 0.4.4 OK
r-oldrel-windows-ix86+x86_64 0.4.4 31.00 405.00 436.00 OK

Check Details

Version: 0.4.4
Check: LazyData
Result: NOTE
     'LazyData' is specified without a 'data' directory
Flavors: r-devel-linux-x86_64-debian-clang, r-devel-linux-x86_64-debian-gcc, r-devel-linux-x86_64-fedora-clang, r-devel-linux-x86_64-fedora-gcc, r-devel-windows-ix86+x86_64, r-devel-windows-x86_64-gcc10-UCRT