CRAN Package Check Results for Package dlib

Last updated on 2018-12-13 23:49:34 CET.

Flavor Version Tinstall Tcheck Ttotal Status Flags
r-devel-linux-x86_64-debian-clang 1.0.3 9.58 25.35 34.93 OK
r-devel-linux-x86_64-debian-gcc 1.0.3 7.65 20.30 27.95 OK
r-devel-linux-x86_64-fedora-clang 1.0.3 41.84 NOTE
r-devel-linux-x86_64-fedora-gcc 1.0.3 37.58 OK
r-devel-windows-ix86+x86_64 1.0.3 48.00 74.00 122.00 NOTE
r-patched-linux-x86_64 1.0.3 9.30 24.02 33.32 OK
r-patched-solaris-x86 1.0.3 66.60 NOTE
r-release-linux-x86_64 1.0.3 8.57 23.98 32.55 OK
r-release-windows-ix86+x86_64 1.0.3 49.00 70.00 119.00 NOTE
r-release-osx-x86_64 1.0.3 NOTE
r-oldrel-windows-ix86+x86_64 1.0.3 28.00 65.00 93.00 NOTE
r-oldrel-osx-x86_64 1.0.3 NOTE

Check Details

Version: 1.0.3
Check: installed package size
Result: NOTE
     installed size is 17.0Mb
     sub-directories of 1Mb or more:
     include 16.7Mb
Flavors: r-devel-linux-x86_64-fedora-clang, r-devel-windows-ix86+x86_64, r-patched-solaris-x86, r-release-windows-ix86+x86_64, r-release-osx-x86_64, r-oldrel-windows-ix86+x86_64, r-oldrel-osx-x86_64