CRAN Package Check Results for Package descr

Last updated on 2019-11-17 17:49:04 CET.

Flavor Version Tinstall Tcheck Ttotal Status Flags
r-devel-linux-x86_64-debian-clang 1.1.4 4.44 27.28 31.72 NOTE
r-devel-linux-x86_64-debian-gcc 1.1.4 3.63 20.78 24.41 NOTE
r-devel-linux-x86_64-fedora-clang 1.1.4 37.67 NOTE
r-devel-linux-x86_64-fedora-gcc 1.1.4 36.96 NOTE
r-devel-windows-ix86+x86_64 1.1.4 15.00 68.00 83.00 OK
r-patched-linux-x86_64 1.1.4 4.25 25.31 29.56 OK
r-patched-solaris-x86 1.1.4 50.30 OK
r-release-linux-x86_64 1.1.4 4.23 25.37 29.60 OK
r-release-windows-ix86+x86_64 1.1.4 11.00 76.00 87.00 OK
r-release-osx-x86_64 1.1.4 OK
r-oldrel-windows-ix86+x86_64 1.1.4 10.00 65.00 75.00 OK
r-oldrel-osx-x86_64 1.1.4 OK

Check Details

Version: 1.1.4
Check: for non-standard things in the check directory
Result: NOTE
    Found the following files/directories:
     'x.R' 'x.sps' 'x.txt'
Flavors: r-devel-linux-x86_64-debian-clang, r-devel-linux-x86_64-debian-gcc, r-devel-linux-x86_64-fedora-clang, r-devel-linux-x86_64-fedora-gcc