CRAN Package Check Results for Package descr

Last updated on 2019-07-20 19:46:54 CEST.

Flavor Version Tinstall Tcheck Ttotal Status Flags
r-devel-linux-x86_64-debian-clang 1.1.4 4.35 26.22 30.57 NOTE
r-devel-linux-x86_64-debian-gcc 1.1.4 3.45 21.12 24.57 NOTE
r-devel-linux-x86_64-fedora-clang 1.1.4 36.41 NOTE
r-devel-linux-x86_64-fedora-gcc 1.1.4 35.50 NOTE
r-devel-windows-ix86+x86_64 1.1.4 9.00 57.00 66.00 OK
r-patched-linux-x86_64 1.1.4 4.13 26.45 30.58 OK
r-patched-solaris-x86 1.1.4 53.80 OK
r-release-linux-x86_64 1.1.4 3.49 26.15 29.64 OK
r-release-windows-ix86+x86_64 1.1.4 10.00 51.00 61.00 OK
r-release-osx-x86_64 1.1.4 OK
r-oldrel-windows-ix86+x86_64 1.1.4 7.00 54.00 61.00 OK
r-oldrel-osx-x86_64 1.1.4 OK

Check Details

Version: 1.1.4
Check: for non-standard things in the check directory
Result: NOTE
    Found the following files/directories:
     'x.R' 'x.sps' 'x.txt'
Flavors: r-devel-linux-x86_64-debian-clang, r-devel-linux-x86_64-debian-gcc, r-devel-linux-x86_64-fedora-clang, r-devel-linux-x86_64-fedora-gcc