CRAN Package Check Results for Package datastructures

Last updated on 2019-08-24 19:47:08 CEST.

Flavor Version Tinstall Tcheck Ttotal Status Flags
r-devel-linux-x86_64-debian-clang 0.2.8 145.18 120.40 265.58 OK
r-devel-linux-x86_64-debian-gcc 0.2.8 150.16 92.94 243.10 OK
r-devel-linux-x86_64-fedora-clang 0.2.8 390.14 NOTE
r-devel-linux-x86_64-fedora-gcc 0.2.8 419.59 OK
r-devel-windows-ix86+x86_64 0.2.8 319.00 209.00 528.00 NOTE
r-patched-linux-x86_64 0.2.8 150.79 118.30 269.09 OK
r-patched-solaris-x86 0.2.8 409.50 NOTE
r-release-linux-x86_64 0.2.8 162.01 118.05 280.06 OK
r-release-windows-ix86+x86_64 0.2.8 427.00 268.00 695.00 NOTE
r-release-osx-x86_64 0.2.8 NOTE
r-oldrel-windows-ix86+x86_64 0.2.8 407.00 274.00 681.00 NOTE
r-oldrel-osx-x86_64 0.2.8 NOTE

Check Details

Version: 0.2.8
Check: installed package size
Result: NOTE
     installed size is 46.9Mb
     sub-directories of 1Mb or more:
     doc 1.2Mb
     libs 44.8Mb
Flavors: r-devel-linux-x86_64-fedora-clang, r-devel-windows-ix86+x86_64, r-patched-solaris-x86, r-release-windows-ix86+x86_64, r-release-osx-x86_64, r-oldrel-windows-ix86+x86_64, r-oldrel-osx-x86_64