CRAN Package Check Results for Package datastructures

Last updated on 2019-06-16 19:52:10 CEST.

Flavor Version Tinstall Tcheck Ttotal Status Flags
r-devel-linux-x86_64-debian-clang 0.2.8 142.52 119.42 261.94 OK
r-devel-linux-x86_64-debian-gcc 0.2.8 138.40 91.91 230.31 OK
r-devel-linux-x86_64-fedora-clang 0.2.8 393.65 NOTE
r-devel-linux-x86_64-fedora-gcc 0.2.8 363.97 OK
r-devel-windows-ix86+x86_64 0.2.8 419.00 276.00 695.00 NOTE
r-patched-linux-x86_64 0.2.8 159.68 119.39 279.07 OK
r-patched-solaris-x86 0.2.8 411.10 NOTE
r-release-linux-x86_64 0.2.8 159.83 118.08 277.91 OK
r-release-windows-ix86+x86_64 0.2.8 322.00 270.00 592.00 NOTE
r-release-osx-x86_64 0.2.8 NOTE
r-oldrel-windows-ix86+x86_64 0.2.8 308.00 203.00 511.00 NOTE
r-oldrel-osx-x86_64 0.2.8 NOTE

Check Details

Version: 0.2.8
Check: installed package size
Result: NOTE
     installed size is 45.7Mb
     sub-directories of 1Mb or more:
     doc 1.2Mb
     libs 43.6Mb
Flavors: r-devel-linux-x86_64-fedora-clang, r-devel-windows-ix86+x86_64, r-patched-solaris-x86, r-release-windows-ix86+x86_64, r-release-osx-x86_64, r-oldrel-windows-ix86+x86_64, r-oldrel-osx-x86_64