CRAN Package Check Results for Package dMod

Last updated on 2019-06-18 07:48:53 CEST.

Flavor Version Tinstall Tcheck Ttotal Status Flags
r-devel-linux-x86_64-debian-clang 1.0.0 12.82 160.65 173.47 OK
r-devel-linux-x86_64-debian-gcc 1.0.0 10.34 121.70 132.04 OK
r-devel-linux-x86_64-fedora-clang 1.0.0 200.87 OK
r-devel-linux-x86_64-fedora-gcc 1.0.0 195.09 OK
r-devel-windows-ix86+x86_64 1.0.0 29.00 239.00 268.00 NOTE
r-patched-linux-x86_64 1.0.0 11.64 154.66 166.30 OK
r-patched-solaris-x86 1.0.0 253.80 WARN
r-release-linux-x86_64 1.0.0 10.95 157.33 168.28 OK
r-release-windows-ix86+x86_64 1.0.0 24.00 268.00 292.00 NOTE
r-release-osx-x86_64 1.0.0 OK
r-oldrel-windows-ix86+x86_64 1.0.0 17.00 168.00 185.00 NOTE
r-oldrel-osx-x86_64 1.0.0 OK

Check Details

Version: 1.0.0
Check: package dependencies
Result: NOTE
    Package suggested but not available for checking: 'rPython'
Flavors: r-devel-windows-ix86+x86_64, r-release-windows-ix86+x86_64, r-oldrel-windows-ix86+x86_64

Version: 1.0.0
Check: loading without being on the library search path
Result: WARN
    Loading required package: cOde
    Error: package or namespace load failed for ‘dMod’:
     .onLoad failed in loadNamespace() for 'pillar', details:
     call: utils::packageVersion("vctrs")
     error: there is no package called ‘vctrs’
    Execution halted
    
    It looks like this package has a loading problem when not on .libPaths:
    see the messages for details.
Flavor: r-patched-solaris-x86