CRAN Package Check Results for Package dMod

Last updated on 2019-09-22 07:48:14 CEST.

Flavor Version Tinstall Tcheck Ttotal Status Flags
r-devel-linux-x86_64-debian-clang 1.0.0 11.39 157.12 168.51 OK
r-devel-linux-x86_64-debian-gcc 1.0.0 9.71 117.48 127.19 OK
r-devel-linux-x86_64-fedora-clang 1.0.0 193.53 OK
r-devel-linux-x86_64-fedora-gcc 1.0.0 189.76 OK
r-devel-windows-ix86+x86_64 1.0.0 41.00 241.00 282.00 NOTE
r-patched-linux-x86_64 1.0.0 12.13 152.75 164.88 OK
r-patched-solaris-x86 1.0.0 253.20 OK
r-release-linux-x86_64 1.0.0 11.98 154.41 166.39 OK
r-release-windows-ix86+x86_64 1.0.0 23.00 166.00 189.00 NOTE
r-release-osx-x86_64 1.0.0 OK
r-oldrel-windows-ix86+x86_64 1.0.0 17.00 161.00 178.00 NOTE
r-oldrel-osx-x86_64 1.0.0 OK

Check Details

Version: 1.0.0
Check: package dependencies
Result: NOTE
    Package suggested but not available for checking: 'rPython'
Flavors: r-devel-windows-ix86+x86_64, r-release-windows-ix86+x86_64, r-oldrel-windows-ix86+x86_64