CRAN Package Check Results for Package cusum

Last updated on 2025-01-20 08:48:23 CET.

Flavor Version Tinstall Tcheck Ttotal Status Flags
r-devel-linux-x86_64-debian-clang 0.4.1 12.40 80.09 92.49 NOTE
r-devel-linux-x86_64-debian-gcc 0.4.1 8.64 55.24 63.88 NOTE
r-devel-linux-x86_64-fedora-clang 0.4.1 164.14 NOTE
r-devel-linux-x86_64-fedora-gcc 0.4.1 164.70 NOTE
r-devel-windows-x86_64 0.4.1 14.00 104.00 118.00 NOTE
r-patched-linux-x86_64 0.4.1 12.35 73.12 85.47 NOTE
r-release-linux-x86_64 0.4.1 11.12 73.08 84.20 NOTE
r-release-macos-arm64 0.4.1 48.00 NOTE
r-release-macos-x86_64 0.4.1 72.00 NOTE
r-release-windows-x86_64 0.4.1 15.00 107.00 122.00 NOTE
r-oldrel-macos-arm64 0.4.1 52.00 NOTE
r-oldrel-macos-x86_64 0.4.1 84.00 NOTE
r-oldrel-windows-x86_64 0.4.1 17.00 124.00 141.00 NOTE

Check Details

Version: 0.4.1
Check: C++ specification
Result: NOTE Specified C++11: please drop specification unless essential Flavors: r-devel-linux-x86_64-debian-clang, r-devel-linux-x86_64-debian-gcc, r-devel-linux-x86_64-fedora-clang, r-devel-linux-x86_64-fedora-gcc, r-devel-windows-x86_64, r-patched-linux-x86_64, r-release-linux-x86_64, r-release-macos-arm64, r-release-macos-x86_64, r-release-windows-x86_64, r-oldrel-macos-arm64, r-oldrel-macos-x86_64, r-oldrel-windows-x86_64