CRAN Package Check Results for Package ctsem

Last updated on 2019-06-25 19:49:36 CEST.

Flavor Version Tinstall Tcheck Ttotal Status Flags
r-devel-linux-x86_64-debian-clang 2.9.6 584.79 280.62 865.41 NOTE --no-vignettes
r-devel-linux-x86_64-debian-gcc 2.9.6 562.76 231.76 794.52 NOTE --no-vignettes
r-devel-linux-x86_64-fedora-clang 2.9.6 1617.38 NOTE
r-devel-linux-x86_64-fedora-gcc 2.9.6 2045.03 ERROR
r-devel-windows-ix86+x86_64 2.9.6 522.00 418.00 940.00 NOTE --no-vignettes
r-patched-linux-x86_64 2.9.6 601.52 301.31 902.83 NOTE --no-vignettes
r-patched-solaris-x86 2.9.6 10.20 ERROR
r-release-linux-x86_64 2.9.6 598.12 298.13 896.25 NOTE --no-vignettes
r-release-windows-ix86+x86_64 2.9.6 403.00 534.00 937.00 NOTE --no-vignettes
r-release-osx-x86_64 2.9.6 NOTE
r-oldrel-windows-ix86+x86_64 2.9.6 332.00 324.00 656.00 NOTE --no-vignettes
r-oldrel-osx-x86_64 2.9.6 NOTE

Additional issues

noLD

Check Details

Version: 2.9.6
Flags: --no-vignettes
Check: for GNU extensions in Makefiles
Result: NOTE
    GNU make is a SystemRequirements.
Flavors: r-devel-linux-x86_64-debian-clang, r-devel-linux-x86_64-debian-gcc, r-devel-windows-ix86+x86_64, r-patched-linux-x86_64, r-release-linux-x86_64, r-release-windows-ix86+x86_64, r-oldrel-windows-ix86+x86_64

Version: 2.9.6
Check: installed package size
Result: NOTE
     installed size is 92.7Mb
     sub-directories of 1Mb or more:
     data 1.8Mb
     libs 88.9Mb
Flavors: r-devel-linux-x86_64-fedora-clang, r-release-osx-x86_64, r-oldrel-osx-x86_64

Version: 2.9.6
Check: dependencies in R code
Result: NOTE
    Namespaces in Imports field not imported from:
     ‘ggplot2’ ‘pkgbuild’
     All declared Imports should be used.
Flavors: r-devel-linux-x86_64-fedora-clang, r-devel-linux-x86_64-fedora-gcc, r-release-osx-x86_64, r-oldrel-osx-x86_64

Version: 2.9.6
Check: for GNU extensions in Makefiles
Result: NOTE
    GNU make is a SystemRequirements.
Flavors: r-devel-linux-x86_64-fedora-clang, r-devel-linux-x86_64-fedora-gcc, r-release-osx-x86_64, r-oldrel-osx-x86_64

Version: 2.9.6
Check: tests
Result: ERROR
     Running ‘testthat.R’ [94s/143s]
    Running the tests in ‘tests/testthat.R’ failed.
    Complete output:
     > library(testthat)
     > library(ctsem)
     Loading required package: Rcpp
     Loading required package: OpenMx
     To take full advantage of multiple cores, use:
     mxOption(key='Number of Threads', value=parallel::detectCores()) #now
     Sys.setenv(OMP_NUM_THREADS=parallel::detectCores()) #before library(OpenMx)
     > test_check("ctsem")
    
    
    
    
    
    
    
    
     ── 1. Failure: simplenonlinearcheck (@test-nonlinearVlinear.R#53) ─────────────
     round(...) not equal to round(...).
     6/26 mismatches (average diff: 3.17)
     [1] 23.4 - 26.4 == -3.008
     [2] 20.6 - 16.1 == 4.445
     [12] 243.1 - 246.3 == -3.179
     [14] 44.4 - 44.3 == 0.051
     [23] 1026.3 - 1032.1 == -5.826
     [26] 367.1 - 369.6 == -2.526
    
    
    
     ══ testthat results ═══════════════════════════════════════════════════════════
     OK: 5 SKIPPED: 0 WARNINGS: 0 FAILED: 1
     1. Failure: simplenonlinearcheck (@test-nonlinearVlinear.R#53)
    
     Error: testthat unit tests failed
     Execution halted
Flavor: r-devel-linux-x86_64-fedora-gcc

Version: 2.9.6
Flags: --no-vignettes
Check: installed package size
Result: NOTE
     installed size is 7.5Mb
     sub-directories of 1Mb or more:
     data 1.8Mb
     libs 3.8Mb
Flavors: r-devel-windows-ix86+x86_64, r-release-windows-ix86+x86_64, r-oldrel-windows-ix86+x86_64

Version: 2.9.6
Check: whether package can be installed
Result: ERROR
    Installation failed.
Flavor: r-patched-solaris-x86