CRAN Package Check Results for Package ctsem

Last updated on 2019-09-24 07:48:32 CEST.

Flavor Version Tinstall Tcheck Ttotal Status Flags
r-devel-linux-x86_64-debian-clang 3.0.4 789.30 262.40 1051.70 NOTE --no-vignettes
r-devel-linux-x86_64-debian-gcc 3.0.4 579.75 223.19 802.94 NOTE --no-vignettes
r-devel-linux-x86_64-fedora-clang 3.0.4 1626.90 NOTE
r-devel-linux-x86_64-fedora-gcc 3.0.4 1104.92 NOTE
r-devel-windows-ix86+x86_64 3.0.4 537.00 349.00 886.00 NOTE --no-vignettes
r-patched-linux-x86_64 3.0.4 612.65 272.16 884.81 NOTE --no-vignettes
r-patched-solaris-x86 3.0.4 10.30 ERROR
r-release-linux-x86_64 3.0.4 609.37 276.94 886.31 NOTE --no-vignettes
r-release-windows-ix86+x86_64 3.0.4 40.00 6.00 46.00 ERROR --no-vignettes
r-release-osx-x86_64 3.0.4 NOTE
r-oldrel-windows-ix86+x86_64 3.0.4 370.00 274.00 644.00 NOTE --no-vignettes
r-oldrel-osx-x86_64 3.0.4 NOTE

Check Details

Version: 3.0.4
Flags: --no-vignettes
Check: for GNU extensions in Makefiles
Result: NOTE
    GNU make is a SystemRequirements.
Flavors: r-devel-linux-x86_64-debian-clang, r-devel-linux-x86_64-debian-gcc, r-devel-windows-ix86+x86_64, r-patched-linux-x86_64, r-release-linux-x86_64, r-oldrel-windows-ix86+x86_64

Version: 3.0.4
Check: installed package size
Result: NOTE
     installed size is 105.0Mb
     sub-directories of 1Mb or more:
     data 1.9Mb
     libs 101.1Mb
Flavors: r-devel-linux-x86_64-fedora-clang, r-release-osx-x86_64, r-oldrel-osx-x86_64

Version: 3.0.4
Check: dependencies in R code
Result: NOTE
    Namespace in Imports field not imported from: ‘pkgbuild’
     All declared Imports should be used.
Flavors: r-devel-linux-x86_64-fedora-clang, r-devel-linux-x86_64-fedora-gcc, r-release-osx-x86_64, r-oldrel-osx-x86_64

Version: 3.0.4
Check: for GNU extensions in Makefiles
Result: NOTE
    GNU make is a SystemRequirements.
Flavors: r-devel-linux-x86_64-fedora-clang, r-devel-linux-x86_64-fedora-gcc, r-release-osx-x86_64, r-oldrel-osx-x86_64

Version: 3.0.4
Flags: --no-vignettes
Check: installed package size
Result: NOTE
     installed size is 7.9Mb
     sub-directories of 1Mb or more:
     data 1.9Mb
     libs 4.0Mb
Flavors: r-devel-windows-ix86+x86_64, r-oldrel-windows-ix86+x86_64

Version: 3.0.4
Check: whether package can be installed
Result: ERROR
    Installation failed.
Flavor: r-patched-solaris-x86

Version: 3.0.4
Flags: --no-vignettes
Check: whether package can be installed
Result: ERROR
    Installation failed.
Flavor: r-release-windows-ix86+x86_64