Last updated on 2025-01-19 07:49:57 CET.
Flavor | Version | Tinstall | Tcheck | Ttotal | Status | Flags |
---|---|---|---|---|---|---|
r-devel-linux-x86_64-debian-clang | 3.1 | 83.07 | 33.18 | 116.25 | NOTE | |
r-devel-linux-x86_64-debian-gcc | 3.1 | 65.29 | 24.51 | 89.80 | NOTE | |
r-devel-linux-x86_64-fedora-clang | 3.1 | 232.74 | NOTE | |||
r-devel-linux-x86_64-fedora-gcc | 3.1 | 263.93 | NOTE | |||
r-devel-windows-x86_64 | 3.1 | 110.00 | 88.00 | 198.00 | NOTE | |
r-patched-linux-x86_64 | 3.1 | 88.54 | 32.18 | 120.72 | NOTE | |
r-release-linux-x86_64 | 3.1 | 90.46 | 31.74 | 122.20 | NOTE | |
r-release-macos-arm64 | 3.1 | 59.00 | NOTE | |||
r-release-macos-x86_64 | 3.1 | 71.00 | NOTE | |||
r-release-windows-x86_64 | 3.1 | 111.00 | 85.00 | 196.00 | NOTE | |
r-oldrel-macos-arm64 | 3.1 | 80.00 | NOTE | |||
r-oldrel-macos-x86_64 | 3.1 | 165.00 | NOTE | |||
r-oldrel-windows-x86_64 | 3.1 | 126.00 | 90.00 | 216.00 | NOTE |
Version: 3.1
Check: C++ specification
Result: NOTE
Specified C++11: please drop specification unless essential
Flavors: r-devel-linux-x86_64-debian-clang, r-devel-linux-x86_64-debian-gcc, r-devel-linux-x86_64-fedora-clang, r-devel-linux-x86_64-fedora-gcc, r-devel-windows-x86_64, r-patched-linux-x86_64, r-release-linux-x86_64, r-release-macos-arm64, r-release-macos-x86_64, r-release-windows-x86_64, r-oldrel-macos-arm64, r-oldrel-macos-x86_64, r-oldrel-windows-x86_64
Version: 3.1
Check: dependencies in R code
Result: NOTE
Namespace in Imports field not imported from: ‘RcppProgress’
All declared Imports should be used.
Flavors: r-devel-linux-x86_64-fedora-clang, r-devel-linux-x86_64-fedora-gcc
Version: 3.1
Check: for GNU extensions in Makefiles
Result: NOTE
GNU make is a SystemRequirements.
Flavors: r-patched-linux-x86_64, r-release-linux-x86_64, r-release-macos-arm64, r-release-macos-x86_64, r-release-windows-x86_64, r-oldrel-macos-arm64, r-oldrel-macos-x86_64, r-oldrel-windows-x86_64
Version: 3.1
Check: installed package size
Result: NOTE
installed size is 6.8Mb
sub-directories of 1Mb or more:
libs 6.6Mb
Flavors: r-release-macos-arm64, r-release-macos-x86_64, r-oldrel-macos-arm64, r-oldrel-macos-x86_64