CRAN Package Check Results for Package corpustools

Last updated on 2019-09-24 07:48:32 CEST.

Flavor Version Tinstall Tcheck Ttotal Status Flags
r-devel-linux-x86_64-debian-clang 0.3.3 71.73 101.27 173.00 OK
r-devel-linux-x86_64-debian-gcc 0.3.3 55.01 88.75 143.76 OK
r-devel-linux-x86_64-fedora-clang 0.3.3 226.18 NOTE
r-devel-linux-x86_64-fedora-gcc 0.3.3 203.41 NOTE
r-devel-windows-ix86+x86_64 0.3.3 196.00 189.00 385.00 OK
r-patched-linux-x86_64 0.3.3 62.31 91.26 153.57 OK
r-patched-solaris-x86 0.3.3 224.80 NOTE
r-release-linux-x86_64 0.3.3 63.12 91.25 154.37 OK
r-release-windows-ix86+x86_64 0.3.3 199.00 194.00 393.00 OK
r-release-osx-x86_64 0.3.3 NOTE
r-oldrel-windows-ix86+x86_64 0.3.3 125.00 136.00 261.00 OK
r-oldrel-osx-x86_64 0.3.3 NOTE

Additional issues

valgrind

Check Details

Version: 0.3.3
Check: data for non-ASCII characters
Result: NOTE
     Note: found 438 marked UTF-8 strings
Flavors: r-devel-linux-x86_64-fedora-clang, r-devel-linux-x86_64-fedora-gcc, r-patched-solaris-x86, r-release-osx-x86_64, r-oldrel-osx-x86_64