CRAN Package Check Results for Package corpustools

Last updated on 2019-06-24 19:49:52 CEST.

Flavor Version Tinstall Tcheck Ttotal Status Flags
r-devel-linux-x86_64-debian-clang 0.3.3 70.34 102.56 172.90 OK
r-devel-linux-x86_64-debian-gcc 0.3.3 53.55 85.30 138.85 OK
r-devel-linux-x86_64-fedora-clang 0.3.3 223.19 NOTE
r-devel-linux-x86_64-fedora-gcc 0.3.3 198.79 NOTE
r-devel-windows-ix86+x86_64 0.3.3 198.00 150.00 348.00 OK
r-patched-linux-x86_64 0.3.3 64.12 99.50 163.62 OK
r-patched-solaris-x86 0.3.3 242.00 NOTE
r-release-linux-x86_64 0.3.3 68.31 96.14 164.45 OK
r-release-windows-ix86+x86_64 0.3.3 155.00 196.00 351.00 OK
r-release-osx-x86_64 0.3.3 NOTE
r-oldrel-windows-ix86+x86_64 0.3.3 128.00 140.00 268.00 OK
r-oldrel-osx-x86_64 0.3.3 NOTE

Additional issues

valgrind

Check Details

Version: 0.3.3
Check: data for non-ASCII characters
Result: NOTE
     Note: found 438 marked UTF-8 strings
Flavors: r-devel-linux-x86_64-fedora-clang, r-devel-linux-x86_64-fedora-gcc, r-patched-solaris-x86, r-release-osx-x86_64, r-oldrel-osx-x86_64