Last updated on 2025-04-22 12:49:24 CEST.
Flavor | Version | Tinstall | Tcheck | Ttotal | Status | Flags |
---|---|---|---|---|---|---|
r-devel-linux-x86_64-debian-clang | 1.3.3 | 153.24 | 65.64 | 218.88 | OK | |
r-devel-linux-x86_64-debian-gcc | 1.3.3 | 106.69 | 51.18 | 157.87 | OK | |
r-devel-linux-x86_64-fedora-clang | 1.3.3 | 369.66 | OK | |||
r-devel-linux-x86_64-fedora-gcc | 1.3.3 | 394.80 | OK | |||
r-devel-windows-x86_64 | 1.3.3 | 154.00 | 103.00 | 257.00 | OK | |
r-patched-linux-x86_64 | 1.3.3 | 152.36 | 65.82 | 218.18 | OK | |
r-release-linux-x86_64 | 1.3.3 | 151.65 | 66.67 | 218.32 | OK | |
r-release-macos-arm64 | 1.3.3 | 94.00 | OK | |||
r-release-macos-x86_64 | 1.3.3 | 129.00 | OK | |||
r-release-windows-x86_64 | 1.3.3 | 151.00 | 106.00 | 257.00 | OK | |
r-oldrel-macos-arm64 | 1.3.3 | 92.00 | NOTE | |||
r-oldrel-macos-x86_64 | 1.3.3 | 117.00 | NOTE | |||
r-oldrel-windows-x86_64 | 1.3.3 | 181.00 | 125.00 | 306.00 | OK |
Version: 1.3.3
Check: installed package size
Result: NOTE
installed size is 19.7Mb
sub-directories of 1Mb or more:
libs 19.4Mb
Flavors: r-oldrel-macos-arm64, r-oldrel-macos-x86_64