Last updated on 2025-06-18 23:48:21 CEST.
Flavor | Version | Tinstall | Tcheck | Ttotal | Status | Flags |
---|---|---|---|---|---|---|
r-devel-linux-x86_64-debian-clang | 1.8-0 | 3.44 | 193.13 | 196.57 | OK | |
r-devel-linux-x86_64-debian-gcc | 1.8-0 | 3.03 | 138.32 | 141.35 | OK | |
r-devel-linux-x86_64-fedora-clang | 1.8-0 | 305.67 | OK | |||
r-devel-linux-x86_64-fedora-gcc | 1.8-0 | 323.66 | OK | |||
r-devel-windows-x86_64 | 1.8-0 | 8.00 | 316.00 | 324.00 | OK | |
r-patched-linux-x86_64 | 1.8-0 | 6.31 | 183.86 | 190.17 | OK | |
r-release-linux-x86_64 | 1.8-0 | 3.56 | 184.57 | 188.13 | OK | |
r-release-macos-arm64 | 1.8-0 | 173.00 | OK | |||
r-release-macos-x86_64 | 1.7-0 | 222.00 | OK | |||
r-release-windows-x86_64 | 1.8-0 | 11.00 | 322.00 | 333.00 | OK | |
r-oldrel-macos-arm64 | 1.8-0 | 147.00 | NOTE | |||
r-oldrel-macos-x86_64 | 1.7-0 | 253.00 | NOTE | |||
r-oldrel-windows-x86_64 | 1.8-0 | 9.00 | 346.00 | 355.00 | NOTE |
Version: 1.8-0
Check: installed package size
Result: NOTE
installed size is 5.2Mb
sub-directories of 1Mb or more:
doc 1.9Mb
extdata 2.4Mb
Flavors: r-oldrel-macos-arm64, r-oldrel-windows-x86_64
Version: 1.7-0
Check: installed package size
Result: NOTE
installed size is 5.9Mb
sub-directories of 1Mb or more:
doc 2.6Mb
extdata 2.4Mb
Flavor: r-oldrel-macos-x86_64