CRAN Package Check Results for Package collUtils

Last updated on 2019-06-16 07:46:48 CEST.

Flavor Version Tinstall Tcheck Ttotal Status Flags
r-devel-linux-x86_64-debian-clang 1.0.5 18.02 31.73 49.75 OK
r-devel-linux-x86_64-debian-gcc 1.0.5 14.15 25.66 39.81 OK
r-devel-linux-x86_64-fedora-clang 1.0.5 77.68 NOTE
r-devel-linux-x86_64-fedora-gcc 1.0.5 64.06 NOTE
r-devel-windows-ix86+x86_64 1.0.5 55.00 68.00 123.00 OK
r-patched-linux-x86_64 1.0.5 17.80 32.35 50.15 OK
r-patched-solaris-x86 1.0.5 84.90 OK
r-release-linux-x86_64 1.0.5 18.38 32.15 50.53 OK
r-release-windows-ix86+x86_64 1.0.5 39.00 89.00 128.00 OK
r-release-osx-x86_64 1.0.5 OK
r-oldrel-windows-ix86+x86_64 1.0.5 37.00 89.00 126.00 OK
r-oldrel-osx-x86_64 1.0.5 OK

Check Details

Version: 1.0.5
Check: compiled code
Result: NOTE
    File ‘collUtils/libs/collUtils.so’:
     Found no calls to: ‘R_registerRoutines’, ‘R_useDynamicSymbols’
    
    It is good practice to register native routines and to disable symbol
    search.
    
    See ‘Writing portable packages’ in the ‘Writing R Extensions’ manual.
Flavors: r-devel-linux-x86_64-fedora-clang, r-devel-linux-x86_64-fedora-gcc